{"id":14881,"date":"2025-04-06T20:25:47","date_gmt":"2025-04-06T20:25:47","guid":{"rendered":"https:\/\/www.kuldigastehnikums.lv\/?page_id=14881"},"modified":"2025-11-05T14:34:39","modified_gmt":"2025-11-05T14:34:39","slug":"profesionala-pilnveide","status":"publish","type":"page","link":"https:\/\/www.kuldigastehnikums.lv\/index.php\/muzizglitiba\/profesionala-pilnveide\/","title":{"rendered":"Profesion\u0101l\u0101 pilnveide"},"content":{"rendered":"<h4 dir=\"auto\">Dienvidkurzemes dizaina un tehnolo\u0123iju skolot\u0101ju semin\u0101rs<\/h4>\n<div dir=\"auto\">17.oktobr\u012b KTTT Tehnolo\u0123iju centru apmekl\u0113ja Dienvidkurzemes dizaina un tehnolo\u0123iju un vizul\u0101l\u0101s m\u0101kslas skolot\u0101ji, lai iepaz\u012btos ar Tehnolo\u0123iju centra iesp\u0113j\u0101m un apg\u016btu koka greb\u0161anu tehnikuma skolot\u0101ja J\u0101\u0146a Feldberga vad\u012bb\u0101 un sklandrau\u0161u cep\u0161anu skolt\u0101jas Daces \u0160imkevicas vad\u012bb\u0101.<\/div>\n<div dir=\"auto\">Prieks uz\u0146emt tik zin\u0101tk\u0101rus viesus!<\/div>\n<div dir=\"auto\">\n<div id='gallery-1' class='gallery galleryid-14881 gallery-columns-3 gallery-size-thumbnail'><figure class='gallery-item'>\n\t\t\t<div class='gallery-icon portrait'>\n\t\t\t\t<a href='https:\/\/www.kuldigastehnikums.lv\/index.php\/dienvidkurzemes-dizaina-un-tehnologiju-skolotaju-profesionalas-pilnveides-seminars\/dienvidkurz\/'><img decoding=\"async\" width=\"150\" height=\"150\" src=\"https:\/\/www.kuldigastehnikums.lv\/wp-content\/uploads\/2025\/10\/dienvidkurz-150x150.jpg\" class=\"attachment-thumbnail size-thumbnail\" alt=\"\" \/><\/a>\n\t\t\t<\/div><\/figure><figure class='gallery-item'>\n\t\t\t<div class='gallery-icon portrait'>\n\t\t\t\t<a href='https:\/\/www.kuldigastehnikums.lv\/index.php\/dienvidkurzemes-dizaina-un-tehnologiju-skolotaju-profesionalas-pilnveides-seminars\/dienvidkur\/'><img decoding=\"async\" width=\"150\" height=\"150\" src=\"https:\/\/www.kuldigastehnikums.lv\/wp-content\/uploads\/2025\/10\/dienvidkur-150x150.jpg\" class=\"attachment-thumbnail size-thumbnail\" alt=\"\" \/><\/a>\n\t\t\t<\/div><\/figure><figure class='gallery-item'>\n\t\t\t<div class='gallery-icon portrait'>\n\t\t\t\t<a href='https:\/\/www.kuldigastehnikums.lv\/index.php\/dienvidkurzemes-dizaina-un-tehnologiju-skolotaju-profesionalas-pilnveides-seminars\/dienvidku\/'><img decoding=\"async\" width=\"150\" height=\"150\" src=\"https:\/\/www.kuldigastehnikums.lv\/wp-content\/uploads\/2025\/10\/dienvidku-150x150.jpg\" class=\"attachment-thumbnail size-thumbnail\" alt=\"\" \/><\/a>\n\t\t\t<\/div><\/figure><figure class='gallery-item'>\n\t\t\t<div class='gallery-icon portrait'>\n\t\t\t\t<a href='https:\/\/www.kuldigastehnikums.lv\/index.php\/dienvidkurzemes-dizaina-un-tehnologiju-skolotaju-profesionalas-pilnveides-seminars\/dienvidk\/'><img loading=\"lazy\" decoding=\"async\" width=\"150\" height=\"150\" src=\"https:\/\/www.kuldigastehnikums.lv\/wp-content\/uploads\/2025\/10\/dienvidk-150x150.jpg\" class=\"attachment-thumbnail size-thumbnail\" alt=\"\" \/><\/a>\n\t\t\t<\/div><\/figure>\n\t\t<\/div>\n\n<\/div>\n<p><strong>T\u016brisma jomas pedagogu semin\u0101rs<\/strong><\/p>\n<p>9. un 10. oktobr\u012b aizvad\u012bta p<strong>edagogu profesion\u0101l\u0101s kompetences pilnveides programma <\/strong><strong>\u201c<\/strong>T\u016brisma nozares B modu\u013cu <strong>\u201cKlientu m\u0113r\u0137grupu anal\u012bze\u201d<\/strong> un<strong> \u201cT\u016brisma un viesm\u012bl\u012bbas pakalpojumu un papildpakalpojumu p\u0101rdo\u0161ana\u201d <\/strong>praktisk\u0101 \u012bsteno\u0161ana m\u0101c\u012bbu stund\u0101s<strong>\u201d <\/strong>18 stundu apjom\u0101. Programma realiz\u0113ta projekta Nr. 4.2.2.3\/1\/24\/I\/001 \u201cPedagogu profesion\u0101l\u0101 atbalsta sist\u0113mas izveide\u201d ietvaros.<\/p>\n<p>Semin\u0101r\u0101 piedal\u012bj\u0101s 15 pedagogi no <em>\u00a0<\/em>R\u012bgas T\u016brisma un rado\u0161\u0101s industrijas tehnikuma, Daugavpils Tehnolo\u0123iju un t\u016brisma tehnikuma, Liep\u0101jas Valsts tehnikuma, Ventspils tehnikuma, Dobeles Amatniec\u012bbas un visp\u0101rizgl\u012btojo\u0161\u0101 vidusskolas, Saldus tehnikuma, Kuld\u012bgas Tehnolo\u0123iju un t\u016brisma tehnikuma, R\u0113zeknes tehnikuma.<\/p>\n<p>Semin\u0101ra programm\u0101 bija iepaz\u012bstin\u0101\u0161ana ar modu\u013ca \u201cKlientu m\u0113r\u0137grupu anal\u012bze\u201d e kursa materi\u0101la saturu un pielieto\u0161anu m\u0101c\u012bbu proces\u0101, Kabiles mui\u017eas st\u0101sts \u2013 k\u0101 piesaist\u012bt klientus un apmierin\u0101t vi\u0146u v\u0113lmes, Ozolu biotops \u2013 dabas t\u016brisms un t\u0101 m\u0113r\u0137grupas, praktisk\u0101 darbn\u012bca ar digit\u0101laj\u0101m kart\u0113m Kuld\u012bg\u0101, Kuld\u012bgas v\u0113sturiskie d\u0101rzi k\u0101 jauns klientu m\u0113r\u0137grupu piesaistes veids Kuld\u012bg\u0101 un T\u016brisma dizaina darbn\u012bca.<\/p>\n<p>P\u0113c semin\u0101ra dal\u012bbnieki sa\u0146\u0113ma apliec\u012bbas par 18 profesion\u0101l\u0101s pilnveides stund\u0101m.<\/p>\n<p>Paldies dal\u012bbniekiem un lektoriem par satur\u012bgo un izzino\u0161o semin\u0101ru.<\/p>\n<div id='gallery-2' class='gallery galleryid-14881 gallery-columns-3 gallery-size-thumbnail'><figure class='gallery-item'>\n\t\t\t<div class='gallery-icon portrait'>\n\t\t\t\t<a href='https:\/\/www.kuldigastehnikums.lv\/index.php\/muzizglitiba\/pieauguso-izglitibas-projekti\/projekts-nr-4-2-2-3-1-24-i-001\/seminars-3\/'><img loading=\"lazy\" decoding=\"async\" width=\"150\" height=\"150\" src=\"https:\/\/www.kuldigastehnikums.lv\/wp-content\/uploads\/2025\/10\/seminars-150x150.jpg\" class=\"attachment-thumbnail size-thumbnail\" alt=\"\" \/><\/a>\n\t\t\t<\/div><\/figure><figure class='gallery-item'>\n\t\t\t<div class='gallery-icon landscape'>\n\t\t\t\t<a href='https:\/\/www.kuldigastehnikums.lv\/index.php\/muzizglitiba\/pieauguso-izglitibas-projekti\/projekts-nr-4-2-2-3-1-24-i-001\/seminars2-2\/'><img loading=\"lazy\" decoding=\"async\" width=\"150\" height=\"150\" src=\"https:\/\/www.kuldigastehnikums.lv\/wp-content\/uploads\/2025\/10\/seminars2-150x150.jpg\" class=\"attachment-thumbnail size-thumbnail\" alt=\"\" \/><\/a>\n\t\t\t<\/div><\/figure><figure class='gallery-item'>\n\t\t\t<div class='gallery-icon portrait'>\n\t\t\t\t<a href='https:\/\/www.kuldigastehnikums.lv\/index.php\/muzizglitiba\/pieauguso-izglitibas-projekti\/projekts-nr-4-2-2-3-1-24-i-001\/seminars3-2\/'><img loading=\"lazy\" decoding=\"async\" width=\"150\" height=\"150\" src=\"https:\/\/www.kuldigastehnikums.lv\/wp-content\/uploads\/2025\/10\/seminars3-150x150.jpg\" class=\"attachment-thumbnail size-thumbnail\" alt=\"\" \/><\/a>\n\t\t\t<\/div><\/figure><figure class='gallery-item'>\n\t\t\t<div class='gallery-icon portrait'>\n\t\t\t\t<a href='https:\/\/www.kuldigastehnikums.lv\/index.php\/muzizglitiba\/pieauguso-izglitibas-projekti\/projekts-nr-4-2-2-3-1-24-i-001\/seminars4-2\/'><img loading=\"lazy\" decoding=\"async\" width=\"150\" height=\"150\" src=\"https:\/\/www.kuldigastehnikums.lv\/wp-content\/uploads\/2025\/10\/seminars4-150x150.jpg\" class=\"attachment-thumbnail size-thumbnail\" alt=\"\" \/><\/a>\n\t\t\t<\/div><\/figure><figure class='gallery-item'>\n\t\t\t<div class='gallery-icon portrait'>\n\t\t\t\t<a href='https:\/\/www.kuldigastehnikums.lv\/index.php\/muzizglitiba\/pieauguso-izglitibas-projekti\/projekts-nr-4-2-2-3-1-24-i-001\/semianrs5\/'><img loading=\"lazy\" decoding=\"async\" width=\"150\" height=\"150\" src=\"https:\/\/www.kuldigastehnikums.lv\/wp-content\/uploads\/2025\/10\/semianrs5-150x150.jpg\" class=\"attachment-thumbnail size-thumbnail\" alt=\"\" \/><\/a>\n\t\t\t<\/div><\/figure><figure class='gallery-item'>\n\t\t\t<div class='gallery-icon portrait'>\n\t\t\t\t<a href='https:\/\/www.kuldigastehnikums.lv\/index.php\/muzizglitiba\/pieauguso-izglitibas-projekti\/projekts-nr-4-2-2-3-1-24-i-001\/semianrs6\/'><img loading=\"lazy\" decoding=\"async\" width=\"150\" height=\"150\" src=\"https:\/\/www.kuldigastehnikums.lv\/wp-content\/uploads\/2025\/10\/semianrs6-150x150.jpg\" class=\"attachment-thumbnail size-thumbnail\" alt=\"\" \/><\/a>\n\t\t\t<\/div><\/figure><figure class='gallery-item'>\n\t\t\t<div class='gallery-icon portrait'>\n\t\t\t\t<a href='https:\/\/www.kuldigastehnikums.lv\/index.php\/muzizglitiba\/pieauguso-izglitibas-projekti\/projekts-nr-4-2-2-3-1-24-i-001\/seminars7-2\/'><img loading=\"lazy\" decoding=\"async\" width=\"150\" height=\"150\" src=\"https:\/\/www.kuldigastehnikums.lv\/wp-content\/uploads\/2025\/10\/seminars7-150x150.jpg\" class=\"attachment-thumbnail size-thumbnail\" alt=\"\" \/><\/a>\n\t\t\t<\/div><\/figure>\n\t\t<\/div>\n\n<h4 dir=\"auto\">Profesion\u0101l\u0101s pilnveides semin\u0101rs CNC jomas profesion\u0101lo skolu un visp\u0101rizgl\u012btojo\u0161o skolu dizaina un tehnolo\u0123iju pedagogiem<\/h4>\n<div dir=\"auto\">27.un 28.mart\u0101 Kuld\u012bgas Tehnolo\u0123iju un t\u016brisma tehnikum\u0101 notika pedagogu profesion\u0101l\u0101s pilnveides semin\u0101rs-praktikums profesion\u0101l\u0101s izgl\u012bt\u012bbas kokizstr\u0101d\u0101jumu jomas pedagogiem un visp\u0101rizgl\u012btojo\u0161o skolu dizaina un tehnolo\u0123iju skolot\u0101jiem Profesion\u0101lo izgl\u012bt\u012bbas pedagogu praktisko darba prasmju pilnveide kokizstr\u0101d\u0101jumu nozar\u0113: aktu\u0101lu CNC darbagaldu programmu apguve.<\/div>\n<div dir=\"auto\">Semin\u0101r\u0101 piedal\u012bj\u0101s pedagogi no Aizkraukles profesion\u0101l\u0101s vidusskolas, Ogres tehnikuma, R\u012bgas M\u0101kslas un mediju tehnikuma, Smiltenes tehnikuma Alsvi\u0137u teritori\u0101l\u0101s strukt\u016brvien\u012bbas, Liep\u0101jas Valtsts tehnikuma, Kuld\u012bgas Centra vidusskolas, Indri\u0137a Zeberi\u0146a Kuld\u012bgas pamatskolas, V.Pl\u016bdo\u0146a Kuld\u012bgas vidusskolas, Kandavas Re\u0123ion\u0101l\u0101s pamatskolas un Kuld\u012bgas Tehnolo\u0123iju un t\u016brisma tehnikuma. Pedagogi teor\u0113tisk\u0101 un praktisk\u0101 darb\u0101 SIA BRANGS valdes locek\u013ca Aivara Sp\u016b\u013ca vad\u012bb\u0101 apguva programmu Alphacam, k\u0101 ar\u012b iepazin\u0101s ar uz\u0146\u0113muma Di\u017eozols plus darb\u012bbu un pieredzi programmas Alphacam izmanto\u0161an\u0101. Asoci\u0101cijas Latvijas Koks valdes locekle Sigita Alksne semin\u0101ra dal\u012bbniekus inform\u0113ja par Darba tirgus un prasmju n\u0101kotnes perspekt\u012bv\u0101m.<\/div>\n<div dir=\"auto\">\n<div id='gallery-3' class='gallery galleryid-14881 gallery-columns-3 gallery-size-thumbnail'><figure class='gallery-item'>\n\t\t\t<div class='gallery-icon portrait'>\n\t\t\t\t<a href='https:\/\/www.kuldigastehnikums.lv\/index.php\/profesionalas-pilnveides-seminars-cnc-jomas-pedagogiem\/cnc-sem9\/'><img loading=\"lazy\" decoding=\"async\" width=\"150\" height=\"150\" src=\"https:\/\/www.kuldigastehnikums.lv\/wp-content\/uploads\/2025\/04\/cnc-sem9-150x150.jpg\" class=\"attachment-thumbnail size-thumbnail\" alt=\"\" \/><\/a>\n\t\t\t<\/div><\/figure><figure class='gallery-item'>\n\t\t\t<div class='gallery-icon landscape'>\n\t\t\t\t<a href='https:\/\/www.kuldigastehnikums.lv\/index.php\/profesionalas-pilnveides-seminars-cnc-jomas-pedagogiem\/cnc-sem8\/'><img loading=\"lazy\" decoding=\"async\" width=\"150\" height=\"150\" src=\"https:\/\/www.kuldigastehnikums.lv\/wp-content\/uploads\/2025\/04\/cnc-sem8-150x150.jpg\" class=\"attachment-thumbnail size-thumbnail\" alt=\"\" \/><\/a>\n\t\t\t<\/div><\/figure><figure class='gallery-item'>\n\t\t\t<div class='gallery-icon landscape'>\n\t\t\t\t<a href='https:\/\/www.kuldigastehnikums.lv\/index.php\/profesionalas-pilnveides-seminars-cnc-jomas-pedagogiem\/cnc-sem7\/'><img loading=\"lazy\" decoding=\"async\" width=\"150\" height=\"150\" src=\"https:\/\/www.kuldigastehnikums.lv\/wp-content\/uploads\/2025\/04\/cnc-sem7-150x150.jpg\" class=\"attachment-thumbnail size-thumbnail\" alt=\"\" \/><\/a>\n\t\t\t<\/div><\/figure><figure class='gallery-item'>\n\t\t\t<div class='gallery-icon portrait'>\n\t\t\t\t<a href='https:\/\/www.kuldigastehnikums.lv\/index.php\/profesionalas-pilnveides-seminars-cnc-jomas-pedagogiem\/cnc-sem6\/'><img loading=\"lazy\" decoding=\"async\" width=\"150\" height=\"150\" src=\"https:\/\/www.kuldigastehnikums.lv\/wp-content\/uploads\/2025\/04\/cnc-sem6-150x150.jpg\" class=\"attachment-thumbnail size-thumbnail\" alt=\"\" \/><\/a>\n\t\t\t<\/div><\/figure><figure class='gallery-item'>\n\t\t\t<div class='gallery-icon portrait'>\n\t\t\t\t<a href='https:\/\/www.kuldigastehnikums.lv\/index.php\/profesionalas-pilnveides-seminars-cnc-jomas-pedagogiem\/cnc-sem5\/'><img loading=\"lazy\" decoding=\"async\" width=\"150\" height=\"150\" src=\"https:\/\/www.kuldigastehnikums.lv\/wp-content\/uploads\/2025\/04\/cnc-sem5-150x150.jpg\" class=\"attachment-thumbnail size-thumbnail\" alt=\"\" \/><\/a>\n\t\t\t<\/div><\/figure><figure class='gallery-item'>\n\t\t\t<div class='gallery-icon portrait'>\n\t\t\t\t<a href='https:\/\/www.kuldigastehnikums.lv\/index.php\/profesionalas-pilnveides-seminars-cnc-jomas-pedagogiem\/cnc-sem4\/'><img loading=\"lazy\" decoding=\"async\" width=\"150\" height=\"150\" src=\"https:\/\/www.kuldigastehnikums.lv\/wp-content\/uploads\/2025\/04\/cnc-sem4-150x150.jpg\" class=\"attachment-thumbnail size-thumbnail\" alt=\"\" \/><\/a>\n\t\t\t<\/div><\/figure><figure class='gallery-item'>\n\t\t\t<div class='gallery-icon portrait'>\n\t\t\t\t<a href='https:\/\/www.kuldigastehnikums.lv\/index.php\/profesionalas-pilnveides-seminars-cnc-jomas-pedagogiem\/cnc-sem3\/'><img loading=\"lazy\" decoding=\"async\" width=\"150\" height=\"150\" src=\"https:\/\/www.kuldigastehnikums.lv\/wp-content\/uploads\/2025\/04\/cnc-sem3-150x150.jpg\" class=\"attachment-thumbnail size-thumbnail\" alt=\"\" \/><\/a>\n\t\t\t<\/div><\/figure><figure class='gallery-item'>\n\t\t\t<div class='gallery-icon portrait'>\n\t\t\t\t<a href='https:\/\/www.kuldigastehnikums.lv\/index.php\/profesionalas-pilnveides-seminars-cnc-jomas-pedagogiem\/cnc-sem2\/'><img loading=\"lazy\" decoding=\"async\" width=\"150\" height=\"150\" src=\"https:\/\/www.kuldigastehnikums.lv\/wp-content\/uploads\/2025\/04\/cnc-sem2-150x150.jpg\" class=\"attachment-thumbnail size-thumbnail\" alt=\"\" \/><\/a>\n\t\t\t<\/div><\/figure><figure class='gallery-item'>\n\t\t\t<div class='gallery-icon portrait'>\n\t\t\t\t<a href='https:\/\/www.kuldigastehnikums.lv\/index.php\/profesionalas-pilnveides-seminars-cnc-jomas-pedagogiem\/cnc-sem\/'><img loading=\"lazy\" decoding=\"async\" width=\"150\" height=\"150\" src=\"https:\/\/www.kuldigastehnikums.lv\/wp-content\/uploads\/2025\/04\/cnc-sem-150x150.jpg\" class=\"attachment-thumbnail size-thumbnail\" alt=\"\" \/><\/a>\n\t\t\t<\/div><\/figure>\n\t\t<\/div>\n\n<\/div>\n","protected":false},"excerpt":{"rendered":"<p>Dienvidkurzemes dizaina un tehnolo\u0123iju skolot\u0101ju semin\u0101rs 17.oktobr\u012b KTTT Tehnolo\u0123iju centru apmekl\u0113ja Dienvidkurzemes dizaina un tehnolo\u0123iju un vizul\u0101l\u0101s m\u0101kslas skolot\u0101ji, lai iepaz\u012btos ar Tehnolo\u0123iju centra iesp\u0113j\u0101m un apg\u016btu koka greb\u0161anu tehnikuma skolot\u0101ja J\u0101\u0146a Feldberga vad\u012bb\u0101 un sklandrau\u0161u cep\u0161anu skolt\u0101jas Daces \u0160imkevicas vad\u012bb\u0101. Prieks uz\u0146emt tik zin\u0101tk\u0101rus viesus! T\u016brisma jomas pedagogu semin\u0101rs 9. un 10. oktobr\u012b aizvad\u012bta<a class=\"moretag\" href=\"https:\/\/www.kuldigastehnikums.lv\/index.php\/muzizglitiba\/profesionala-pilnveide\/\"> Vair\u0101k<\/a> [&#8230;]<\/p>\n<p><a class=\"btn btn-secondary understrap-read-more-link\" href=\"https:\/\/www.kuldigastehnikums.lv\/index.php\/muzizglitiba\/profesionala-pilnveide\/\">Vair\u0101k&#8230;<\/a><\/p>\n","protected":false},"author":2,"featured_media":0,"parent":3091,"menu_order":0,"comment_status":"closed","ping_status":"closed","template":"page-templates\/fullgrid.php","meta":{"footnotes":""},"class_list":["post-14881","page","type-page","status-publish","hentry"],"_links":{"self":[{"href":"https:\/\/www.kuldigastehnikums.lv\/index.php\/wp-json\/wp\/v2\/pages\/14881","targetHints":{"allow":["GET"]}}],"collection":[{"href":"https:\/\/www.kuldigastehnikums.lv\/index.php\/wp-json\/wp\/v2\/pages"}],"about":[{"href":"https:\/\/www.kuldigastehnikums.lv\/index.php\/wp-json\/wp\/v2\/types\/page"}],"author":[{"embeddable":true,"href":"https:\/\/www.kuldigastehnikums.lv\/index.php\/wp-json\/wp\/v2\/users\/2"}],"replies":[{"embeddable":true,"href":"https:\/\/www.kuldigastehnikums.lv\/index.php\/wp-json\/wp\/v2\/comments?post=14881"}],"version-history":[{"count":5,"href":"https:\/\/www.kuldigastehnikums.lv\/index.php\/wp-json\/wp\/v2\/pages\/14881\/revisions"}],"predecessor-version":[{"id":15169,"href":"https:\/\/www.kuldigastehnikums.lv\/index.php\/wp-json\/wp\/v2\/pages\/14881\/revisions\/15169"}],"up":[{"embeddable":true,"href":"https:\/\/www.kuldigastehnikums.lv\/index.php\/wp-json\/wp\/v2\/pages\/3091"}],"wp:attachment":[{"href":"https:\/\/www.kuldigastehnikums.lv\/index.php\/wp-json\/wp\/v2\/media?parent=14881"}],"curies":[{"name":"wp","href":"https:\/\/api.w.org\/{rel}","templated":true}]}}