{"id":3935,"date":"2019-07-03T04:49:05","date_gmt":"2019-07-03T04:49:05","guid":{"rendered":"http:\/\/www.kuldigastehnikums.lv\/?page_id=3935"},"modified":"2019-07-03T04:49:05","modified_gmt":"2019-07-03T04:49:05","slug":"centro-de-formacion-profesional","status":"publish","type":"page","link":"https:\/\/www.kuldigastehnikums.lv\/index.php\/centro-de-formacion-profesional\/","title":{"rendered":"CENTRO DE FORMACI\u00d3N PROFESIONAL"},"content":{"rendered":"\n<p>Instituto de formaci\u00f3n profesional de tecnolog\u00edas y turismo de Kuldiga<\/p>\n\n\n\n<p>El&nbsp;Instituto de formaci\u00f3n profesional de tecnolog\u00edas y turismo de Kuldiga es un&nbsp;centro p\u00fablico de Formaci\u00f3n Profesional&nbsp;fundado en 1989, situado en Kuldiga, una ciudad peque\u00f1a y antigua&nbsp;situada&nbsp;en la parte occidental de Letonia.&nbsp;En nuestro instituto&nbsp;hay 540 estudiantes y 75 empleados.<\/p>\n\n\n\n<p>Ofrecemos a j\u00f3venes&nbsp;estudiantes y&nbsp;a&nbsp;personas adultas&nbsp;diferentes&nbsp;planes de estudios a tiempo completo, a tiempo parcial,&nbsp;educaci\u00f3n a&nbsp;distancia, formaci\u00f3n continua y&nbsp;educaci\u00f3n&nbsp;informal.<\/p>\n\n\n\n<p>Desde&nbsp;el a\u00f1o 2002&nbsp;este instituto&nbsp;trabaja tambi\u00e9n con personas sordas y mudas,&nbsp;integr\u00e1ndoles&nbsp;con el resto de alumnos.<\/p>\n\n\n\n<p>Los estudiantes despu\u00e9s de terminar&nbsp;la educaci\u00f3n secundaria&nbsp;(con&nbsp;16 a\u00f1os) o&nbsp;los estudios de bachillerato(19 a\u00f1os),&nbsp;pueden estudiar&nbsp;Formaci\u00f3n Profesional en nuestro centro&nbsp;siguiendo los&nbsp;planes de estudios de mec\u00e1nica de autom\u00f3viles, medios de diagn\u00f3stico para veh\u00edculos, log\u00edstica, dise\u00f1o y producci\u00f3n de muebles, restauraci\u00f3n, especialistas de la madera CNC, servicios de hosteler\u00eda y restauraci\u00f3n , cocina, confiter\u00eda, camareros \/ camareras, especialistas de SPA, manicuras y pedicuras, especialistas de ecoturismo, informaci\u00f3n&nbsp;tur\u00edstica,&nbsp;y&nbsp;comercio tur\u00edstico.<\/p>\n\n\n\n<p>Cada plan de estudios tiene&nbsp;laboratorios y&nbsp;talleres&nbsp;donde los estudiantes&nbsp;adquieren&nbsp;habilidades y competencias profesionales. El&nbsp;Instituto de formaci\u00f3n profesional de tecnolog\u00edas y turismo de Kuldiga cuenta tambi\u00e9n&nbsp;con un espacio de restauraci\u00f3n&nbsp;bien&nbsp;equipado&nbsp;donde los estudiantes&nbsp;realizan&nbsp;sus&nbsp;pr\u00e1cticas.<\/p>\n\n\n\n<p>Hay&nbsp;innovaciones&nbsp;y formaci\u00f3n en&nbsp;competencias adicionales en&nbsp;todos nuestros&nbsp;planes&nbsp;de estudios&nbsp;que&nbsp;no ofrecen otras escuelas de nuestro pa\u00eds, por ejemplo: Volvo Truck en el plan de estudios de mec\u00e1nica de autom\u00f3viles, CNC \u2013 dise\u00f1o de muebles, AMADEUS sistema de reserva internacional \u2013 servicios de turismo, R-keeper \u2013 servicio de banquetes y confiter\u00eda.<\/p>\n\n\n\n<p>Nuestro instituto,&nbsp;desde el a\u00f1o 2010,&nbsp;es miembro de&nbsp;la&nbsp;AEHT,&nbsp;Asociaci\u00f3n de los hoteles europeos y escuelas de turismo (c\u00f3digo LV04 internacional) y ha ganado varias medallas de oro, plata y bronce en competiciones internacionales entre&nbsp;centros de formaci\u00f3n profesional&nbsp;de m\u00e1s de 34 pa\u00edses \u2013 en cada una de las nominaciones&nbsp;de&nbsp;cocina , confiter\u00eda,&nbsp;servicios de camarero&nbsp;y comercio tur\u00edstico.<\/p>\n\n\n\n<p>Desde el 2012 es&nbsp;instituto&nbsp;asociado&nbsp;a la&nbsp;UNESCO en Letonia.<\/p>\n\n\n\n<p>El&nbsp;Instituto de formaci\u00f3n profesional de tecnolog\u00edas y turismo de Kuldiga&nbsp;participa en diferentes proyectos y programas internacionales desde el a\u00f1o 1994- Leonardo da Vinci, Grundtvig, S\u00f3crates, Comenius, Juventud, Bosch, Visby, Erasmus, Erasmus +, Arion, Nordplus y otros.&nbsp;Est\u00e1 tambi\u00e9n&nbsp;en&nbsp;asociaci\u00f3n concentros de formaci\u00f3n&nbsp;o empresas en Lituania, Eslovaquia, Chequia, Estonia, Alemania, Suecia, Finlandia, Polonia, Escocia, Austria, los Pa\u00edses Bajos, Italia, Espa\u00f1a, Portugal, Rumania, Rusia, Bulgaria.<\/p>\n\n\n\n<p>Contamos tambi\u00e9n&nbsp;con&nbsp;un coro, un grupo de danza folkl\u00f3rica y un grupo de d\u00e9fil\u00e9.<\/p>\n\n\n\n<p>Foto: una de las obras de nuestro estudiante de dise\u00f1o de muebles durante la competici\u00f3n de esculturas de madera grabadas.<\/p>\n\n\n\n<p>Direcci\u00f3n: Calle Liepajas, 31, Kuldiga, LETONIA, LV 3301<\/p>\n\n\n\n<p>Tel\u00e9fono \/ fax 371 6 3324082<\/p>\n\n\n\n<p>P\u00e1gina de web: www.kuldigastehnikums.lv<\/p>\n\n\n\n<p>Correo electr\u00f3nico: kuldigasttt@inbox.lv<\/p>\n","protected":false},"excerpt":{"rendered":"<p>Instituto de formaci\u00f3n profesional de tecnolog\u00edas y turismo de Kuldiga El&nbsp;Instituto de formaci\u00f3n profesional de tecnolog\u00edas y turismo de Kuldiga es un&nbsp;centro p\u00fablico de Formaci\u00f3n Profesional&nbsp;fundado en 1989, situado en Kuldiga, una ciudad peque\u00f1a y antigua&nbsp;situada&nbsp;en la parte occidental de Letonia.&nbsp;En nuestro instituto&nbsp;hay 540 estudiantes y 75 empleados. Ofrecemos a j\u00f3venes&nbsp;estudiantes y&nbsp;a&nbsp;personas adultas&nbsp;diferentes&nbsp;planes de estudios<a class=\"moretag\" href=\"https:\/\/www.kuldigastehnikums.lv\/index.php\/centro-de-formacion-profesional\/\"> Vair\u0101k<\/a> [&#8230;]<\/p>\n<p><a class=\"btn btn-secondary understrap-read-more-link\" href=\"https:\/\/www.kuldigastehnikums.lv\/index.php\/centro-de-formacion-profesional\/\">Vair\u0101k&#8230;<\/a><\/p>\n","protected":false},"author":1,"featured_media":0,"parent":0,"menu_order":0,"comment_status":"closed","ping_status":"closed","template":"page-templates\/fullwidthpage.php","meta":{"footnotes":""},"class_list":["post-3935","page","type-page","status-publish","hentry"],"_links":{"self":[{"href":"https:\/\/www.kuldigastehnikums.lv\/index.php\/wp-json\/wp\/v2\/pages\/3935","targetHints":{"allow":["GET"]}}],"collection":[{"href":"https:\/\/www.kuldigastehnikums.lv\/index.php\/wp-json\/wp\/v2\/pages"}],"about":[{"href":"https:\/\/www.kuldigastehnikums.lv\/index.php\/wp-json\/wp\/v2\/types\/page"}],"author":[{"embeddable":true,"href":"https:\/\/www.kuldigastehnikums.lv\/index.php\/wp-json\/wp\/v2\/users\/1"}],"replies":[{"embeddable":true,"href":"https:\/\/www.kuldigastehnikums.lv\/index.php\/wp-json\/wp\/v2\/comments?post=3935"}],"version-history":[{"count":1,"href":"https:\/\/www.kuldigastehnikums.lv\/index.php\/wp-json\/wp\/v2\/pages\/3935\/revisions"}],"predecessor-version":[{"id":3936,"href":"https:\/\/www.kuldigastehnikums.lv\/index.php\/wp-json\/wp\/v2\/pages\/3935\/revisions\/3936"}],"wp:attachment":[{"href":"https:\/\/www.kuldigastehnikums.lv\/index.php\/wp-json\/wp\/v2\/media?parent=3935"}],"curies":[{"name":"wp","href":"https:\/\/api.w.org\/{rel}","templated":true}]}}