{"id":3967,"date":"2019-07-07T07:05:00","date_gmt":"2019-07-07T07:05:00","guid":{"rendered":"http:\/\/www.kuldigastehnikums.lv\/?page_id=3967"},"modified":"2019-07-07T07:05:00","modified_gmt":"2019-07-07T07:05:00","slug":"sam-8-1-3","status":"publish","type":"page","link":"https:\/\/www.kuldigastehnikums.lv\/index.php\/par-tehnikumu\/projekti\/sam-8-1-3\/","title":{"rendered":"SAM 8.1.3."},"content":{"rendered":"\n<div class=\"container-inside ml-auto mr-auto\"><div class=\"row\"><div class=\"col-lg-4 col-xs-12\">\n    <div class=\"w-100 text-center\" ><a href=\"https:\/\/www.kuldigastehnikums.lv\/index.php\/energoefektivitates-paaugstinasanas-pasakumu-istenosana-kuldigas-tehnologiju-un-turisma-tehnikuma-tehnologiju-centra-eka-kalpaka-iela-1-kuldiga-projekts-nr-4-2-1-2-20-i-004\/\"><\/a><\/div>\n    <div class=\"w-100 text-center\"><a href=\"https:\/\/www.kuldigastehnikums.lv\/index.php\/energoefektivitates-paaugstinasanas-pasakumu-istenosana-kuldigas-tehnologiju-un-turisma-tehnikuma-tehnologiju-centra-eka-kalpaka-iela-1-kuldiga-projekts-nr-4-2-1-2-20-i-004\/\"><h4>\u201cEnergoefektivit\u0101tes paaugstin\u0101\u0161anas pas\u0101kumu \u012bsteno\u0161ana Kuld\u012bgas Tehnolo\u0123iju un t\u016brisma tehnikuma Tehnolo\u0123iju centra \u0113k\u0101 Kalpaka iel\u0101 1, Kuld\u012bg\u0101\u201d, projekts Nr. 4.2.1.2\/20\/I\/004<\/h4><\/a><\/div>\n    <div class=\"text-center\"><p>Public\u0113ts 08.05.2024. Nodots ekspluat\u0101cij\u0101 Kuld\u012bgas Tehnolo\u0123iju un t\u016brisma tehnikuma Tehnolo\u0123iju centrs &nbsp;(projekts Nr.4.2.1.2\/20\/I\/004) \u0145emot v\u0113r\u0101, ka Tehnolo\u0123iju centra \u0113ku nebija iesp\u0113jams nodot ekspluat\u0101cij\u0101 l\u012bdz 2023.gada beig\u0101m, atbilsto\u0161i Ministru kabineta 19.12.2023. noteikumiem &#8220;Groz\u012bjumi Ministru kabineta 2018. gada 4. janv\u0101ra noteikumos Nr. 13 &#8220;Darb\u012bbas programmas &#8220;Izaugsme un nodarbin\u0101t\u012bba&#8221; 4.2.1. specifisk\u0101 atbalsta m\u0113r\u0137a &#8220;Veicin\u0101t energoefektivit\u0101tes paaugstin\u0101\u0161anu valsts un<a class=\"moretag\" href=\"https:\/\/www.kuldigastehnikums.lv\/index.php\/energoefektivitates-paaugstinasanas-pasakumu-istenosana-kuldigas-tehnologiju-un-turisma-tehnikuma-tehnologiju-centra-eka-kalpaka-iela-1-kuldiga-projekts-nr-4-2-1-2-20-i-004\/\"> Vair\u0101k<\/a> [&#8230;]<\/p>\n<p><a class=\"btn btn-secondary understrap-read-more-link\" href=\"https:\/\/www.kuldigastehnikums.lv\/index.php\/energoefektivitates-paaugstinasanas-pasakumu-istenosana-kuldigas-tehnologiju-un-turisma-tehnikuma-tehnologiju-centra-eka-kalpaka-iela-1-kuldiga-projekts-nr-4-2-1-2-20-i-004\/\">Vair\u0101k&#8230;<\/a><\/p>\n<\/div>\n<\/div>\n<div class=\"col-lg-4 col-xs-12\">\n    <div class=\"w-100 text-center\" ><a href=\"https:\/\/www.kuldigastehnikums.lv\/index.php\/sam-8-1-3\/\"><\/a><\/div>\n    <div class=\"w-100 text-center\"><a href=\"https:\/\/www.kuldigastehnikums.lv\/index.php\/sam-8-1-3\/\"><h4>SAM 8.1.3  projekts Nr.\u00a08.1.3.0\/16\/I\/016<\/h4><\/a><\/div>\n    <div class=\"text-center\"><p>Kuld\u012bgas Tehnolo\u0123iju un t\u016brisma tehnikuma projekta Nr. 8.1.3.0\/16\/I\/016 \u012bsteno\u0161anas progress 25.09.2020. No projekta finans\u0113juma &nbsp;Kuld\u012bgas Tehnolo\u0123iju un t\u016brisma tehnikumam ir paredz\u0113ts ieg\u0101d\u0101ties apr\u012bkojumu m\u0101c\u012bbu vajadz\u012bb\u0101m. &nbsp;&nbsp;IP \u201eT\u016brisma pakalpojumi\u201d un IP \u201eViesn\u012bcu pakalpojumi\u201d turpm\u0101kai moderniz\u0101cijai 26.02.2020. izsludin\u0101t\u0101 iepirkuma \u201cViesn\u012bcu, t\u016brisma un konferen\u010du apr\u012bkojuma un druk\u0101\u0161anas iek\u0101rtu pieg\u0101de Kuld\u012bgas Tehnolo\u0123iju un t\u016brisma tehnikuma vajadz\u012bb\u0101m\u201d (id. Nr. VIAA<a class=\"moretag\" href=\"https:\/\/www.kuldigastehnikums.lv\/index.php\/sam-8-1-3\/\"> Vair\u0101k<\/a> [&#8230;]<\/p>\n<p><a class=\"btn btn-secondary understrap-read-more-link\" href=\"https:\/\/www.kuldigastehnikums.lv\/index.php\/sam-8-1-3\/\">Vair\u0101k&#8230;<\/a><\/p>\n<\/div>\n<\/div>\n<div class=\"col-lg-4 col-xs-12\">\n    <div class=\"w-100 text-center\" ><a href=\"https:\/\/www.kuldigastehnikums.lv\/index.php\/projekts-nr-8-5-2-0-16-i-001-sam-8-5-2\/\"><\/a><\/div>\n    <div class=\"w-100 text-center\"><a href=\"https:\/\/www.kuldigastehnikums.lv\/index.php\/projekts-nr-8-5-2-0-16-i-001-sam-8-5-2\/\"><h4>Projekts Nr.8.5.2.0\/16\/I\/001  SAM: 8.5.2<\/h4><\/a><\/div>\n    <div class=\"text-center\"><p>NOZARU KVALIFIK\u0100CIJAS SIST\u0112MAS PILNVEIDE PROFESION\u0100L\u0100S IZGL\u012aT\u012aBAS ATT\u012aST\u012aBAI UN KVALIT\u0100TES NODRO\u0160IN\u0100\u0160ANAI [&#8230;]<\/p>\n<p><a class=\"btn btn-secondary understrap-read-more-link\" href=\"https:\/\/www.kuldigastehnikums.lv\/index.php\/projekts-nr-8-5-2-0-16-i-001-sam-8-5-2\/\">Vair\u0101k&#8230;<\/a><\/p>\n<\/div>\n<\/div>\n<div class=\"col-lg-4 col-xs-12\">\n    <div class=\"w-100 text-center\" ><a href=\"https:\/\/www.kuldigastehnikums.lv\/index.php\/sam-8-5-1\/\"><\/a><\/div>\n    <div class=\"w-100 text-center\"><a href=\"https:\/\/www.kuldigastehnikums.lv\/index.php\/sam-8-5-1\/\"><h4>SAM 8.5.1<\/h4><\/a><\/div>\n    <div class=\"text-center\"><p>Projekts \u2013 \u00abProfesion\u0101lo izgl\u012bt\u012bbas iest\u0101\u017eu audz\u0113k\u0146u dal\u012bba darba vid\u0113 balst\u012bt\u0101s m\u0101c\u012bb\u0101s un m\u0101c\u012bbu praks\u0113s uz\u0146\u0113mumos\u00bb SAM 8.5.1 &nbsp; Mekl\u0113 speci\u0101listu, kuru da\u017e\u0101du iemeslu d\u0113\u013c darba tirg\u016b ir gr\u016bti atrast? Latvijas Darba dev\u0113ju konfeder\u0101cija (LDDK) aicina atv\u0113rt sava uz\u0146\u0113muma durvis praktikantiem, lai iepaz\u012bstin\u0101tu tos ar potenci\u0101lo prakses vietu! Uz\u0146\u0113m\u0113j, praktikants var b\u016bt tavs n\u0101kamais darbinieks! Projekts<a class=\"moretag\" href=\"https:\/\/www.kuldigastehnikums.lv\/index.php\/sam-8-5-1\/\"> Vair\u0101k<\/a> [&#8230;]<\/p>\n<p><a class=\"btn btn-secondary understrap-read-more-link\" href=\"https:\/\/www.kuldigastehnikums.lv\/index.php\/sam-8-5-1\/\">Vair\u0101k&#8230;<\/a><\/p>\n<\/div>\n<\/div>\n<\/div><\/div>\n","protected":false},"excerpt":{"rendered":"<p> [&#8230;]<\/p>\n<p><a class=\"btn btn-secondary understrap-read-more-link\" href=\"https:\/\/www.kuldigastehnikums.lv\/index.php\/sam-8-5-1\/\">Vair\u0101k&#8230;<\/a><\/p>\n","protected":false},"author":1,"featured_media":0,"parent":82,"menu_order":0,"comment_status":"closed","ping_status":"closed","template":"page-templates\/about-school-child.php","meta":{"footnotes":""},"class_list":["post-3967","page","type-page","status-publish","hentry"],"_links":{"self":[{"href":"https:\/\/www.kuldigastehnikums.lv\/index.php\/wp-json\/wp\/v2\/pages\/3967","targetHints":{"allow":["GET"]}}],"collection":[{"href":"https:\/\/www.kuldigastehnikums.lv\/index.php\/wp-json\/wp\/v2\/pages"}],"about":[{"href":"https:\/\/www.kuldigastehnikums.lv\/index.php\/wp-json\/wp\/v2\/types\/page"}],"author":[{"embeddable":true,"href":"https:\/\/www.kuldigastehnikums.lv\/index.php\/wp-json\/wp\/v2\/users\/1"}],"replies":[{"embeddable":true,"href":"https:\/\/www.kuldigastehnikums.lv\/index.php\/wp-json\/wp\/v2\/comments?post=3967"}],"version-history":[{"count":1,"href":"https:\/\/www.kuldigastehnikums.lv\/index.php\/wp-json\/wp\/v2\/pages\/3967\/revisions"}],"predecessor-version":[{"id":3968,"href":"https:\/\/www.kuldigastehnikums.lv\/index.php\/wp-json\/wp\/v2\/pages\/3967\/revisions\/3968"}],"up":[{"embeddable":true,"href":"https:\/\/www.kuldigastehnikums.lv\/index.php\/wp-json\/wp\/v2\/pages\/82"}],"wp:attachment":[{"href":"https:\/\/www.kuldigastehnikums.lv\/index.php\/wp-json\/wp\/v2\/media?parent=3967"}],"curies":[{"name":"wp","href":"https:\/\/api.w.org\/{rel}","templated":true}]}}