{"id":4014,"date":"2019-07-07T10:53:13","date_gmt":"2019-07-07T10:53:13","guid":{"rendered":"http:\/\/www.kuldigastehnikums.lv\/?page_id=4014"},"modified":"2019-07-07T10:53:13","modified_gmt":"2019-07-07T10:53:13","slug":"mazie-zellisi-pagatavo-barotavas-putniem","status":"publish","type":"page","link":"https:\/\/www.kuldigastehnikums.lv\/index.php\/par-tehnikumu\/jauno-zellisu-skola\/mazie-zellisi-pagatavo-barotavas-putniem\/","title":{"rendered":"Mazie zell\u012b\u0161i pagatavo barotavas putniem"},"content":{"rendered":"\n<p>Ar lielu interesi mazie zell\u012b\u0161i no Kuld\u012bgas Centra vidusskolas un Kuld\u012bgas M\u0101kslas un humanit\u0101ro zin\u012bbu vidusskolas darbojas kokapstr\u0101des skol\u0101 pie skolot\u0101ja P\u0113tera Z\u0101\u0123era. Zell\u012b\u0161i jau ir pagatavoju\u0161i putnu barotavas, kuras liku\u0161i liet\u0101, ziemas sal\u0101 piebarojot putnus sav\u0101s m\u0101j\u0101s.&nbsp;<\/p>\n\n\n\n<p>Materi\u0101lu sagatavoja skolot\u0101ja Zanda \u0160legelmilha.<\/p>\n\n\n\n[ngg src=&#8221;galleries&#8221; ids=&#8221;160&#8243; display=&#8221;basic_thumbnail&#8221;]\n","protected":false},"excerpt":{"rendered":"<p>Ar lielu interesi mazie zell\u012b\u0161i no Kuld\u012bgas Centra vidusskolas un Kuld\u012bgas M\u0101kslas un humanit\u0101ro zin\u012bbu vidusskolas darbojas kokapstr\u0101des skol\u0101 pie skolot\u0101ja P\u0113tera Z\u0101\u0123era. Zell\u012b\u0161i jau ir pagatavoju\u0161i putnu barotavas, kuras liku\u0161i liet\u0101, ziemas sal\u0101 piebarojot putnus sav\u0101s m\u0101j\u0101s.&nbsp; Materi\u0101lu sagatavoja skolot\u0101ja Zanda \u0160legelmilha. [&#8230;]<\/p>\n<p><a class=\"btn btn-secondary understrap-read-more-link\" href=\"https:\/\/www.kuldigastehnikums.lv\/index.php\/par-tehnikumu\/jauno-zellisu-skola\/mazie-zellisi-pagatavo-barotavas-putniem\/\">Vair\u0101k&#8230;<\/a><\/p>\n","protected":false},"author":1,"featured_media":4015,"parent":4005,"menu_order":0,"comment_status":"closed","ping_status":"closed","template":"page-templates\/about-school-child.php","meta":{"footnotes":""},"class_list":["post-4014","page","type-page","status-publish","has-post-thumbnail","hentry"],"_links":{"self":[{"href":"https:\/\/www.kuldigastehnikums.lv\/index.php\/wp-json\/wp\/v2\/pages\/4014","targetHints":{"allow":["GET"]}}],"collection":[{"href":"https:\/\/www.kuldigastehnikums.lv\/index.php\/wp-json\/wp\/v2\/pages"}],"about":[{"href":"https:\/\/www.kuldigastehnikums.lv\/index.php\/wp-json\/wp\/v2\/types\/page"}],"author":[{"embeddable":true,"href":"https:\/\/www.kuldigastehnikums.lv\/index.php\/wp-json\/wp\/v2\/users\/1"}],"replies":[{"embeddable":true,"href":"https:\/\/www.kuldigastehnikums.lv\/index.php\/wp-json\/wp\/v2\/comments?post=4014"}],"version-history":[{"count":1,"href":"https:\/\/www.kuldigastehnikums.lv\/index.php\/wp-json\/wp\/v2\/pages\/4014\/revisions"}],"predecessor-version":[{"id":4016,"href":"https:\/\/www.kuldigastehnikums.lv\/index.php\/wp-json\/wp\/v2\/pages\/4014\/revisions\/4016"}],"up":[{"embeddable":true,"href":"https:\/\/www.kuldigastehnikums.lv\/index.php\/wp-json\/wp\/v2\/pages\/4005"}],"wp:featuredmedia":[{"embeddable":true,"href":"https:\/\/www.kuldigastehnikums.lv\/index.php\/wp-json\/wp\/v2\/media\/4015"}],"wp:attachment":[{"href":"https:\/\/www.kuldigastehnikums.lv\/index.php\/wp-json\/wp\/v2\/media?parent=4014"}],"curies":[{"name":"wp","href":"https:\/\/api.w.org\/{rel}","templated":true}]}}