{"id":6014,"date":"2019-12-22T21:00:08","date_gmt":"2019-12-22T21:00:08","guid":{"rendered":"http:\/\/www.kuldigastehnikums.lv\/jaunumi\/jaunumi-2018\/audzekni-iepazist-kemeru-np\/"},"modified":"2019-12-22T21:00:08","modified_gmt":"2019-12-22T21:00:08","slug":"audzekni-iepazist-kemeru-np","status":"publish","type":"page","link":"https:\/\/www.kuldigastehnikums.lv\/index.php\/jaunumi\/jaunumi-arhivs\/audzekni-iepazist-kemeru-np\/","title":{"rendered":"Audz\u0113k\u0146i iepaz\u012bst \u0136emeru NP"},"content":{"rendered":"<p><span style=\"font-size: 12pt;\">20.septembr\u012b tehnikuma audz\u0113k\u0146i R\u016bdis Tukleris, M\u0101rti\u0146\u0161 Viln\u012btis, Sandis Spro\u0123is un Em\u012bls Stebulis iepazina \u0136emeru Nacion\u0101lo parku, lai piedal\u012btos UNESCO LNK un uz\u0146\u0113muma &#8220;Lielv\u0101rds&#8221; organiz\u0113taj\u0101 konkurs\u0101 &#8220;Darini kalend\u0101ru&#8217; 2019&#8221;, kura t\u0113ma \u0161ogad bija &#8220;Cilv\u0113ks vid\u0113&#8221;. Konkursa ietvaros organizatori aicin\u0101ja b\u0113rnus un jaunie\u0161us darin\u0101t fotost\u0101stus, kas veido izpratni par dabu un apk\u0101rt\u0113jo vidi, k\u0101 ar\u012b dabas biolo\u0123isko daudzveid\u012bbu. S\u012bk\u0101ka inform\u0101cija par konkursu http:\/\/darini.lv\/2018\/<\/span><br data-text=\"true\" \/><br \/>\n<br \/>\n<span style=\"font-size: 12pt;\">Materi\u0101lu sagatavoja UNESCO ASP koordinatore tehnikum\u0101 Zanda \u0160legelmilha. Foto: tehnikuma direktore Dace Cine un skolot\u0101js Ivars Asnis. \u00a0<\/span><\/p>\n<p><a href=\"http:\/\/www.kuldigastehnikums.lv\/wp-content\/uploads\/2018\/10\/100_1285.jpg\"><img fetchpriority=\"high\" decoding=\"async\" class=\"wp-image-16165 size-full aligncenter\" src=\"http:\/\/www.kuldigastehnikums.lv\/wp-content\/uploads\/2018\/10\/100_1285.jpg\" alt=\"\" width=\"577\" height=\"768\" \/><\/a><\/p>\n","protected":false},"excerpt":{"rendered":"<p>20.septembr\u012b tehnikuma audz\u0113k\u0146i R\u016bdis Tukleris, M\u0101rti\u0146\u0161 Viln\u012btis, Sandis Spro\u0123is un Em\u012bls Stebulis iepazina \u0136emeru Nacion\u0101lo parku, lai piedal\u012btos UNESCO LNK un uz\u0146\u0113muma &#8220;Lielv\u0101rds&#8221; organiz\u0113taj\u0101 konkurs\u0101 &#8220;Darini kalend\u0101ru&#8217; 2019&#8221;, kura t\u0113ma \u0161ogad bija &#8220;Cilv\u0113ks vid\u0113&#8221;. Konkursa ietvaros organizatori aicin\u0101ja b\u0113rnus un jaunie\u0161us darin\u0101t fotost\u0101stus, kas veido izpratni par dabu un apk\u0101rt\u0113jo vidi, k\u0101 ar\u012b dabas biolo\u0123isko<a class=\"moretag\" href=\"https:\/\/www.kuldigastehnikums.lv\/index.php\/jaunumi\/jaunumi-arhivs\/audzekni-iepazist-kemeru-np\/\"> Vair\u0101k<\/a> [&#8230;]<\/p>\n<p><a class=\"btn btn-secondary understrap-read-more-link\" href=\"https:\/\/www.kuldigastehnikums.lv\/index.php\/jaunumi\/jaunumi-arhivs\/audzekni-iepazist-kemeru-np\/\">Vair\u0101k&#8230;<\/a><\/p>\n","protected":false},"author":2,"featured_media":0,"parent":5791,"menu_order":0,"comment_status":"open","ping_status":"open","template":"","meta":{"footnotes":""},"class_list":["post-6014","page","type-page","status-publish","hentry"],"_links":{"self":[{"href":"https:\/\/www.kuldigastehnikums.lv\/index.php\/wp-json\/wp\/v2\/pages\/6014","targetHints":{"allow":["GET"]}}],"collection":[{"href":"https:\/\/www.kuldigastehnikums.lv\/index.php\/wp-json\/wp\/v2\/pages"}],"about":[{"href":"https:\/\/www.kuldigastehnikums.lv\/index.php\/wp-json\/wp\/v2\/types\/page"}],"author":[{"embeddable":true,"href":"https:\/\/www.kuldigastehnikums.lv\/index.php\/wp-json\/wp\/v2\/users\/2"}],"replies":[{"embeddable":true,"href":"https:\/\/www.kuldigastehnikums.lv\/index.php\/wp-json\/wp\/v2\/comments?post=6014"}],"version-history":[{"count":0,"href":"https:\/\/www.kuldigastehnikums.lv\/index.php\/wp-json\/wp\/v2\/pages\/6014\/revisions"}],"up":[{"embeddable":true,"href":"https:\/\/www.kuldigastehnikums.lv\/index.php\/wp-json\/wp\/v2\/pages\/5791"}],"wp:attachment":[{"href":"https:\/\/www.kuldigastehnikums.lv\/index.php\/wp-json\/wp\/v2\/media?parent=6014"}],"curies":[{"name":"wp","href":"https:\/\/api.w.org\/{rel}","templated":true}]}}

Audzēkņi iepazīst Ķemeru NP

<p><span style="font-size: 12pt;">20.septembrī tehnikuma audzēkņi Rūdis Tukleris, Mārtiņš Vilnītis, Sandis Sproģis un Emīls Stebulis iepazina Ķemeru Nacionālo parku, lai piedalītos UNESCO LNK un uzņēmuma &#8220;Lielvārds&#8221; organizētajā konkursā &#8220;Darini kalendāru&#8217; 2019&#8221;, kura tēma šogad bija &#8220;Cilvēks vidē&#8221;. Konkursa ietvaros organizatori aicināja bērnus un jauniešus darināt fotostāstus, kas veido izpratni par dabu un apkārtējo vidi, kā arī dabas bioloģisko daudzveidību. Sīkāka informācija par konkursu http://darini.lv/2018/</span><br data-text="true" /><br />
<br />
<span style="font-size: 12pt;">Materiālu sagatavoja UNESCO ASP koordinatore tehnikumā Zanda Šlegelmilha. Foto: tehnikuma direktore Dace Cine un skolotājs Ivars Asnis.  </span></p>
<p><a href="http://www.kuldigastehnikums.lv/wp-content/uploads/2018/10/100_1285.jpg"><img fetchpriority="high" decoding="async" class="wp-image-16165 size-full aligncenter" src="http://www.kuldigastehnikums.lv/wp-content/uploads/2018/10/100_1285.jpg" alt="" width="577" height="768" /></a></p>

<p>20.septembrī tehnikuma audzēkņi Rūdis Tukleris, Mārtiņš Vilnītis, Sandis Sproģis un Emīls Stebulis iepazina Ķemeru Nacionālo parku, lai piedalītos UNESCO LNK un uzņēmuma &#8220;Lielvārds&#8221; organizētajā konkursā &#8220;Darini kalendāru&#8217; 2019&#8221;, kura tēma šogad bija &#8220;Cilvēks vidē&#8221;. Konkursa ietvaros organizatori aicināja bērnus un jauniešus darināt fotostāstus, kas veido izpratni par dabu un apkārtējo vidi, kā arī dabas bioloģisko<a class="moretag" href="https://www.kuldigastehnikums.lv/index.php/jaunumi/jaunumi-arhivs/audzekni-iepazist-kemeru-np/"> Vairāk</a> [&#8230;]</p>
<p><a class="btn btn-secondary understrap-read-more-link" href="https://www.kuldigastehnikums.lv/index.php/jaunumi/jaunumi-arhivs/audzekni-iepazist-kemeru-np/">Vairāk&#8230;</a></p>
