{"id":6032,"date":"2019-12-22T21:00:14","date_gmt":"2019-12-22T21:00:14","guid":{"rendered":"http:\/\/www.kuldigastehnikums.lv\/jaunumi\/jaunumi-2018\/pasaules-lielaka-stunda-tehnikuma\/"},"modified":"2019-12-22T21:00:14","modified_gmt":"2019-12-22T21:00:14","slug":"pasaules-lielaka-stunda-tehnikuma","status":"publish","type":"page","link":"https:\/\/www.kuldigastehnikums.lv\/index.php\/jaunumi\/jaunumi-arhivs\/pasaules-lielaka-stunda-tehnikuma\/","title":{"rendered":"Pasaules liel\u0101k\u0101 stunda tehnikum\u0101"},"content":{"rendered":"<p><span class=\"fbPhotoCaptionText\"><span style=\"font-size: 12pt;\">10. oktobr\u012b tehnikum\u0101 risin\u0101j\u0101s Pasaules liel\u0101k\u0101 stunda 6.grupas audz\u0113k\u0146iem. Pasaules liel\u0101kaj\u0101 stund\u0101, kuru vad\u012bja skolot\u0101ja Guna Bergmane <\/span><span class=\"text_exposed_show\"><span style=\"font-size: 12pt;\">un kuras t\u0113ma bija &#8220;Mazo \u0137erme\u0146u izm\u0113ru noteik\u0161ana&#8221; jaunie\u0161i m\u0113r\u012bja pupi\u0146as, zir\u0146us u.c., izmantojot b\u012bdm\u0113ru un p\u0113c formulas apr\u0113\u0137inot to skaitu 0,5 l burk\u0101, p\u0113c darba p\u0101rliecinoties par m\u0113r\u012bjumu precizit\u0101ti, p\u0101rskaitot zir\u0146us. <\/span><\/p>\n<p><span style=\"font-size: 12pt;\">Materi\u0101lu sagatavoja UNESCO ASP koordinatore tehnikum\u0101 Zanda \u0160legelmilha.<\/span><br \/>\n<span style=\"font-size: 12pt;\"><a class=\"_58cn\" href=\"https:\/\/www.facebook.com\/hashtag\/pasaulesliel\u0101k\u0101m\u0101c\u012bbustunda\" data-ft=\"{\"type\":104,\"tn\":\"*N\"}\">#PasaulesLiel\u0101k\u0101M\u0101c\u012bbuStun<wbr><\/wbr>da<\/a><\/span><br \/>\n<a class=\"_58cn\" href=\"https:\/\/www.facebook.com\/hashtag\/worldslargestlesson\" data-ft=\"{\"type\":104,\"tn\":\"*N\"}\"><span style=\"font-size: 12pt;\">#WorldsLargestLesson<\/span><\/a><\/span><\/span><\/p>\n<p>\u00a0<\/p>\n\n","protected":false},"excerpt":{"rendered":"<p>10. oktobr\u012b tehnikum\u0101 risin\u0101j\u0101s Pasaules liel\u0101k\u0101 stunda 6.grupas audz\u0113k\u0146iem. Pasaules liel\u0101kaj\u0101 stund\u0101, kuru vad\u012bja skolot\u0101ja Guna Bergmane un kuras t\u0113ma bija &#8220;Mazo \u0137erme\u0146u izm\u0113ru noteik\u0161ana&#8221; jaunie\u0161i m\u0113r\u012bja pupi\u0146as, zir\u0146us u.c., izmantojot b\u012bdm\u0113ru un p\u0113c formulas apr\u0113\u0137inot to skaitu 0,5 l burk\u0101, p\u0113c darba p\u0101rliecinoties par m\u0113r\u012bjumu precizit\u0101ti, p\u0101rskaitot zir\u0146us. Materi\u0101lu sagatavoja UNESCO ASP koordinatore tehnikum\u0101<a class=\"moretag\" href=\"https:\/\/www.kuldigastehnikums.lv\/index.php\/jaunumi\/jaunumi-arhivs\/pasaules-lielaka-stunda-tehnikuma\/\"> Vair\u0101k<\/a> [&#8230;]<\/p>\n<p><a class=\"btn btn-secondary understrap-read-more-link\" href=\"https:\/\/www.kuldigastehnikums.lv\/index.php\/jaunumi\/jaunumi-arhivs\/pasaules-lielaka-stunda-tehnikuma\/\">Vair\u0101k&#8230;<\/a><\/p>\n","protected":false},"author":2,"featured_media":0,"parent":5791,"menu_order":0,"comment_status":"open","ping_status":"open","template":"","meta":{"footnotes":""},"class_list":["post-6032","page","type-page","status-publish","hentry"],"_links":{"self":[{"href":"https:\/\/www.kuldigastehnikums.lv\/index.php\/wp-json\/wp\/v2\/pages\/6032","targetHints":{"allow":["GET"]}}],"collection":[{"href":"https:\/\/www.kuldigastehnikums.lv\/index.php\/wp-json\/wp\/v2\/pages"}],"about":[{"href":"https:\/\/www.kuldigastehnikums.lv\/index.php\/wp-json\/wp\/v2\/types\/page"}],"author":[{"embeddable":true,"href":"https:\/\/www.kuldigastehnikums.lv\/index.php\/wp-json\/wp\/v2\/users\/2"}],"replies":[{"embeddable":true,"href":"https:\/\/www.kuldigastehnikums.lv\/index.php\/wp-json\/wp\/v2\/comments?post=6032"}],"version-history":[{"count":0,"href":"https:\/\/www.kuldigastehnikums.lv\/index.php\/wp-json\/wp\/v2\/pages\/6032\/revisions"}],"up":[{"embeddable":true,"href":"https:\/\/www.kuldigastehnikums.lv\/index.php\/wp-json\/wp\/v2\/pages\/5791"}],"wp:attachment":[{"href":"https:\/\/www.kuldigastehnikums.lv\/index.php\/wp-json\/wp\/v2\/media?parent=6032"}],"curies":[{"name":"wp","href":"https:\/\/api.w.org\/{rel}","templated":true}]}}