{"id":6035,"date":"2019-12-22T21:00:15","date_gmt":"2019-12-22T21:00:15","guid":{"rendered":"http:\/\/www.kuldigastehnikums.lv\/jaunumi\/jaunumi-2018\/piedalamies-asociacijas-metodiskaja-seminara\/"},"modified":"2019-12-22T21:00:15","modified_gmt":"2019-12-22T21:00:15","slug":"piedalamies-asociacijas-metodiskaja-seminara","status":"publish","type":"page","link":"https:\/\/www.kuldigastehnikums.lv\/index.php\/jaunumi\/jaunumi-arhivs\/piedalamies-asociacijas-metodiskaja-seminara\/","title":{"rendered":"Piedal\u0101mies asoci\u0101cijas metodiskaj\u0101 semin\u0101r\u0101"},"content":{"rendered":"<p><span class=\"fbPhotoCaptionText\" style=\"font-size: 12pt;\">3. novembr\u012b Latvijas sv\u0113tku m\u0113ne\u0161a- novembra- noska\u0146\u0101s un konstrukt\u012bv\u0101s p\u0101rdom\u0101s par jauno izgl\u012bt\u012bbas satura projektu un m\u0101c\u012bbu jomu standar<span class=\"text_exposed_show\">tiem R\u012bgas Fran\u010du liceja rekonstru\u0113taj\u0101 \u0113k\u0101 Valdem\u0101ra iel\u0101 48 notika latvie\u0161u valodas un literat\u016bras skolot\u0101ju tik\u0161an\u0101s, t.sk. tehnikuma latvie\u0161u valodas un literat\u016bras skolot\u0101ja Zanda \u0160legelmilha. <br \/>\nLaipni iepaz\u012bstin\u0101ti ar liceja telp\u0101m un moderno infrastukt\u016bru, asoci\u0101cijas biedri 4 stundas intens\u012bvi darboj\u0101s, izgl\u012btojoties par jaun\u0101 satura projekta apris\u0113m. Lietprat\u012bga prakse ir noz\u012bm\u012bgs iedvesmas avots ar\u012b tiem skolot\u0101jiem, kas \u0161obr\u012bd nav cie\u0161i saist\u012bti ar jaun\u0101 m\u0101c\u012bbu satura un pieejas veido\u0161anu. Savu pieredzi par sadarb\u012bbu, pa\u0161vad\u012btu m\u0101c\u012b\u0161anos, mediju izmanto\u0161anu m\u0101c\u012bbu produkta ( rekl\u0101mas) rad\u012b\u0161an\u0101, m\u0101c\u012b\u0161an\u0101s inform\u0101cijas anal\u012bzes, grup\u0113\u0161anas un sev nepiecie\u0161amo vajadz\u012bbu noskaidro\u0161anas, skol\u0113nu pa\u0161v\u0113rt\u0113jumu sadarb\u012bbas nov\u0113rt\u0113\u0161an\u0101 m\u0101c\u012bbu rezult\u0101ta sasnieg\u0161an\u0101 u.c. demonstr\u0113ja kult\u016bras izpratnes un pa\u0161izpausmes m\u0101ksl\u0101 m\u0101c\u012bbu jomas ekspertes, liceja larvie\u0161u valodas un literat\u016bras skolot\u0101jas Lita Silova, Signe \u0100bola un Inese L\u0101\u010dauniece. Uzaicin\u0101t\u0101 mediju prat\u012bbas speci\u0101liste Liene Valdmane iepaz\u012bstin\u0101ja ar medijprat\u012bbas aspektiem un to noz\u012bmi jaun\u0101 izgl\u012bt\u012bbas satura kontekst\u0101, sniedzot ticamas inform\u0101cijas nov\u0113rt\u0113\u0161anas krit\u0113rijus, nor\u0101dot uz tehnolo\u0123iju produkt\u012bvaj\u0101m, j\u0113gpilnaj\u0101m iesp\u0113j\u0101m un uz to nem\u0101kul\u012bgas lieto\u0161anas riskiem skol\u0113nu vid\u0113. Lektore akcent\u0113ja medijprat\u012bbas sasaisti ar kritisko dom\u0101\u0161anu un uzsv\u0113ra, ka inform\u0101cijas uztver\u0113 nav vienas vien\u012bgas paties\u012bbas, k\u0101 skol\u0113niem m\u0101c\u012bt izprast inform\u0101cijas autora komunikat\u012bvo nol\u016bku, lai ne\u013cautos manipul\u0101cijai u.c. jaut\u0101jumus.<\/p>\n<p>Materi\u0101lu sagatvoja Latvie\u0161u valodas un literat\u016bras asoci\u0101cijas valdes priek\u0161s\u0113d\u0113t\u0101ja Anita Vanaga. Foto: Zanda \u0160legelmilha.<\/span><\/span><\/p>\n\n","protected":false},"excerpt":{"rendered":"<p>3. novembr\u012b Latvijas sv\u0113tku m\u0113ne\u0161a- novembra- noska\u0146\u0101s un konstrukt\u012bv\u0101s p\u0101rdom\u0101s par jauno izgl\u012bt\u012bbas satura projektu un m\u0101c\u012bbu jomu standartiem R\u012bgas Fran\u010du liceja rekonstru\u0113taj\u0101 \u0113k\u0101 Valdem\u0101ra iel\u0101 48 notika latvie\u0161u valodas un literat\u016bras skolot\u0101ju tik\u0161an\u0101s, t.sk. tehnikuma latvie\u0161u valodas un literat\u016bras skolot\u0101ja Zanda \u0160legelmilha. Laipni iepaz\u012bstin\u0101ti ar liceja telp\u0101m un moderno infrastukt\u016bru, asoci\u0101cijas biedri 4 stundas<a class=\"moretag\" href=\"https:\/\/www.kuldigastehnikums.lv\/index.php\/jaunumi\/jaunumi-arhivs\/piedalamies-asociacijas-metodiskaja-seminara\/\"> Vair\u0101k<\/a> [&#8230;]<\/p>\n<p><a class=\"btn btn-secondary understrap-read-more-link\" href=\"https:\/\/www.kuldigastehnikums.lv\/index.php\/jaunumi\/jaunumi-arhivs\/piedalamies-asociacijas-metodiskaja-seminara\/\">Vair\u0101k&#8230;<\/a><\/p>\n","protected":false},"author":2,"featured_media":0,"parent":5791,"menu_order":0,"comment_status":"open","ping_status":"open","template":"","meta":{"footnotes":""},"class_list":["post-6035","page","type-page","status-publish","hentry"],"_links":{"self":[{"href":"https:\/\/www.kuldigastehnikums.lv\/index.php\/wp-json\/wp\/v2\/pages\/6035","targetHints":{"allow":["GET"]}}],"collection":[{"href":"https:\/\/www.kuldigastehnikums.lv\/index.php\/wp-json\/wp\/v2\/pages"}],"about":[{"href":"https:\/\/www.kuldigastehnikums.lv\/index.php\/wp-json\/wp\/v2\/types\/page"}],"author":[{"embeddable":true,"href":"https:\/\/www.kuldigastehnikums.lv\/index.php\/wp-json\/wp\/v2\/users\/2"}],"replies":[{"embeddable":true,"href":"https:\/\/www.kuldigastehnikums.lv\/index.php\/wp-json\/wp\/v2\/comments?post=6035"}],"version-history":[{"count":0,"href":"https:\/\/www.kuldigastehnikums.lv\/index.php\/wp-json\/wp\/v2\/pages\/6035\/revisions"}],"up":[{"embeddable":true,"href":"https:\/\/www.kuldigastehnikums.lv\/index.php\/wp-json\/wp\/v2\/pages\/5791"}],"wp:attachment":[{"href":"https:\/\/www.kuldigastehnikums.lv\/index.php\/wp-json\/wp\/v2\/media?parent=6035"}],"curies":[{"name":"wp","href":"https:\/\/api.w.org\/{rel}","templated":true}]}}