{"id":6045,"date":"2019-12-22T21:00:19","date_gmt":"2019-12-22T21:00:19","guid":{"rendered":"http:\/\/www.kuldigastehnikums.lv\/jaunumi\/jaunumi-2018\/sacensibas-lacplesa-kauss-2018\/"},"modified":"2019-12-22T21:00:19","modified_gmt":"2019-12-22T21:00:19","slug":"sacensibas-lacplesa-kauss-2018","status":"publish","type":"page","link":"https:\/\/www.kuldigastehnikums.lv\/index.php\/jaunumi\/jaunumi-arhivs\/sacensibas-lacplesa-kauss-2018\/","title":{"rendered":"Sacens\u012bbas L\u0101\u010dpl\u0113\u0161a kauss&#8217; 2018"},"content":{"rendered":"<p>2.novembr\u012b par godu L\u0101\u010dpl\u0113\u0161a dienai norisin\u0101j\u0101s virves vilk\u0161anas sacens\u012bbas. Taj\u0101s notika s\u012bva c\u012b\u0146a starp Kuld\u012bgas jaunsargiem, Kuld\u012bgas 2.\u00a0vidusskolu un Kuld\u012bgas Centra vidusskolu. Vietu kopsavilkums:<br \/>\n1.vieta &#8211; Kuld\u012bgas jaunsargi,<br \/>\n2.vieta &#8211; Kuld\u012bgas 2. vidusskola,<br \/>\n3.vieta &#8211; Kuld\u012bgas Centra vidusskola.<br \/>\nKuld\u012bgas jaunsargu komand\u0101 start\u0113ja tehnikuma 1. kursa 20.grupas audz\u0113knis Elans Kairis! Lepojamies!<\/p>\n<p>\u00a0<\/p>\n\n","protected":false},"excerpt":{"rendered":"<p>2.novembr\u012b par godu L\u0101\u010dpl\u0113\u0161a dienai norisin\u0101j\u0101s virves vilk\u0161anas sacens\u012bbas. Taj\u0101s notika s\u012bva c\u012b\u0146a starp Kuld\u012bgas jaunsargiem, Kuld\u012bgas 2.\u00a0vidusskolu un Kuld\u012bgas Centra vidusskolu. Vietu kopsavilkums: 1.vieta &#8211; Kuld\u012bgas jaunsargi, 2.vieta &#8211; Kuld\u012bgas 2. vidusskola, 3.vieta &#8211; Kuld\u012bgas Centra vidusskola. Kuld\u012bgas jaunsargu komand\u0101 start\u0113ja tehnikuma 1. kursa 20.grupas audz\u0113knis Elans Kairis! Lepojamies! \u00a0 [&#8230;]<\/p>\n<p><a class=\"btn btn-secondary understrap-read-more-link\" href=\"https:\/\/www.kuldigastehnikums.lv\/index.php\/jaunumi\/jaunumi-arhivs\/sacensibas-lacplesa-kauss-2018\/\">Vair\u0101k&#8230;<\/a><\/p>\n","protected":false},"author":2,"featured_media":0,"parent":5791,"menu_order":0,"comment_status":"open","ping_status":"open","template":"","meta":{"footnotes":""},"class_list":["post-6045","page","type-page","status-publish","hentry"],"_links":{"self":[{"href":"https:\/\/www.kuldigastehnikums.lv\/index.php\/wp-json\/wp\/v2\/pages\/6045","targetHints":{"allow":["GET"]}}],"collection":[{"href":"https:\/\/www.kuldigastehnikums.lv\/index.php\/wp-json\/wp\/v2\/pages"}],"about":[{"href":"https:\/\/www.kuldigastehnikums.lv\/index.php\/wp-json\/wp\/v2\/types\/page"}],"author":[{"embeddable":true,"href":"https:\/\/www.kuldigastehnikums.lv\/index.php\/wp-json\/wp\/v2\/users\/2"}],"replies":[{"embeddable":true,"href":"https:\/\/www.kuldigastehnikums.lv\/index.php\/wp-json\/wp\/v2\/comments?post=6045"}],"version-history":[{"count":0,"href":"https:\/\/www.kuldigastehnikums.lv\/index.php\/wp-json\/wp\/v2\/pages\/6045\/revisions"}],"up":[{"embeddable":true,"href":"https:\/\/www.kuldigastehnikums.lv\/index.php\/wp-json\/wp\/v2\/pages\/5791"}],"wp:attachment":[{"href":"https:\/\/www.kuldigastehnikums.lv\/index.php\/wp-json\/wp\/v2\/media?parent=6045"}],"curies":[{"name":"wp","href":"https:\/\/api.w.org\/{rel}","templated":true}]}}