{"id":6047,"date":"2019-12-22T21:00:19","date_gmt":"2019-12-22T21:00:19","guid":{"rendered":"http:\/\/www.kuldigastehnikums.lv\/jaunumi\/jaunumi-2018\/tehnikumiesi-piedalas-jauno-barmenu-konkursa\/"},"modified":"2019-12-22T21:00:19","modified_gmt":"2019-12-22T21:00:19","slug":"tehnikumiesi-piedalas-jauno-barmenu-konkursa","status":"publish","type":"page","link":"https:\/\/www.kuldigastehnikums.lv\/index.php\/jaunumi\/jaunumi-arhivs\/tehnikumiesi-piedalas-jauno-barmenu-konkursa\/","title":{"rendered":"Tehnikumie\u0161i piedal\u0101s jauno b\u0101rme\u0146u konkurs\u0101"},"content":{"rendered":"<div id=\"eml-cke__body\" title=\"\"><span style=\"font-size: 12pt;\">8. novembr\u012b tehnikuma 11.grupas audz\u0113kne Simona Kop\u0161t\u0101le un 27. grupas audz\u0113knis M\u0101rti\u0146\u0161 L\u016bci\u0146\u0161 piedal\u012bj\u0101s jauno b\u0101rme\u0146u konkurs\u0101 &#8220;Junior Monin Cup&#8217; 2018&#8221;, kur\u0161 norisin\u0101j\u0101s R\u012bgas T\u016brisma un rado\u0161\u0101s industrijas tehnikum\u0101. Konkursantiem bija j\u0101pagatavo bezalkoholiskais kokteilis 3 porcij\u0101s. 23 konkursantu vid\u016b M.L\u016bci\u0146\u0161 ieguva 5.vietu! Audz\u0113k\u0146us konkursam sagatavoja skolot\u0101ja Dace \u0160\u0113na. Apsveicam un lepojamies!<\/span><\/p>\n<p><span style=\"font-size: 12pt;\">Materi\u0101lu sagatavoja skolot\u0101ja Zanda \u0160legelmilha. Foto: Dace \u0160\u0113na.<\/span><\/div>\n<div class=\"eml-cke__signature\" title=\"\">\u00a0<\/div>\n<div title=\"\">\n\n<\/div>\n<div id=\"eml-cke__signature_bottom\" title=\"Paraksts\">\u00a0<\/div>\n","protected":false},"excerpt":{"rendered":"<p>8. novembr\u012b tehnikuma 11.grupas audz\u0113kne Simona Kop\u0161t\u0101le un 27. grupas audz\u0113knis M\u0101rti\u0146\u0161 L\u016bci\u0146\u0161 piedal\u012bj\u0101s jauno b\u0101rme\u0146u konkurs\u0101 &#8220;Junior Monin Cup&#8217; 2018&#8221;, kur\u0161 norisin\u0101j\u0101s R\u012bgas T\u016brisma un rado\u0161\u0101s industrijas tehnikum\u0101. Konkursantiem bija j\u0101pagatavo bezalkoholiskais kokteilis 3 porcij\u0101s. 23 konkursantu vid\u016b M.L\u016bci\u0146\u0161 ieguva 5.vietu! Audz\u0113k\u0146us konkursam sagatavoja skolot\u0101ja Dace \u0160\u0113na. Apsveicam un lepojamies! Materi\u0101lu sagatavoja skolot\u0101ja Zanda<a class=\"moretag\" href=\"https:\/\/www.kuldigastehnikums.lv\/index.php\/jaunumi\/jaunumi-arhivs\/tehnikumiesi-piedalas-jauno-barmenu-konkursa\/\"> Vair\u0101k<\/a> [&#8230;]<\/p>\n<p><a class=\"btn btn-secondary understrap-read-more-link\" href=\"https:\/\/www.kuldigastehnikums.lv\/index.php\/jaunumi\/jaunumi-arhivs\/tehnikumiesi-piedalas-jauno-barmenu-konkursa\/\">Vair\u0101k&#8230;<\/a><\/p>\n","protected":false},"author":2,"featured_media":0,"parent":5791,"menu_order":0,"comment_status":"open","ping_status":"open","template":"","meta":{"footnotes":""},"class_list":["post-6047","page","type-page","status-publish","hentry"],"_links":{"self":[{"href":"https:\/\/www.kuldigastehnikums.lv\/index.php\/wp-json\/wp\/v2\/pages\/6047","targetHints":{"allow":["GET"]}}],"collection":[{"href":"https:\/\/www.kuldigastehnikums.lv\/index.php\/wp-json\/wp\/v2\/pages"}],"about":[{"href":"https:\/\/www.kuldigastehnikums.lv\/index.php\/wp-json\/wp\/v2\/types\/page"}],"author":[{"embeddable":true,"href":"https:\/\/www.kuldigastehnikums.lv\/index.php\/wp-json\/wp\/v2\/users\/2"}],"replies":[{"embeddable":true,"href":"https:\/\/www.kuldigastehnikums.lv\/index.php\/wp-json\/wp\/v2\/comments?post=6047"}],"version-history":[{"count":0,"href":"https:\/\/www.kuldigastehnikums.lv\/index.php\/wp-json\/wp\/v2\/pages\/6047\/revisions"}],"up":[{"embeddable":true,"href":"https:\/\/www.kuldigastehnikums.lv\/index.php\/wp-json\/wp\/v2\/pages\/5791"}],"wp:attachment":[{"href":"https:\/\/www.kuldigastehnikums.lv\/index.php\/wp-json\/wp\/v2\/media?parent=6047"}],"curies":[{"name":"wp","href":"https:\/\/api.w.org\/{rel}","templated":true}]}}