{"id":6049,"date":"2019-12-22T21:00:19","date_gmt":"2019-12-22T21:00:19","guid":{"rendered":"http:\/\/www.kuldigastehnikums.lv\/jaunumi\/jaunumi-2018\/meistarklase-kombinetais-aparata-manikirs\/"},"modified":"2019-12-22T21:00:19","modified_gmt":"2019-12-22T21:00:19","slug":"meistarklase-kombinetais-aparata-manikirs","status":"publish","type":"page","link":"https:\/\/www.kuldigastehnikums.lv\/index.php\/jaunumi\/jaunumi-arhivs\/meistarklase-kombinetais-aparata-manikirs\/","title":{"rendered":"Meistarklase \u201eKombin\u0113tais apar\u0101ta manik\u012brs\u201d"},"content":{"rendered":"<p><span style=\"font-size: 12pt;\">5.decembr\u012b Kuld\u012bgas Tehnolo\u0123iju un t\u016brisma tehnikum\u0101 tika \u012bstenota meistarklase \u201eKombin\u0113tais apar\u0101ta manik\u012brs.\u201d Meistarklases \u012bsteno\u0161anu nodro\u0161in\u0101ja SIA \u201eGalerija Baltik,\u201d un to vad\u012bja nozares profesion\u0101\u013ci Tatjana Budk\u0101ne un Krist\u012bne Vindela.<\/span><br \/>\n<span style=\"font-size: 12pt;\">\u00a0Meistarklase tiek r\u012bkota ESF darb\u012bbas programmas \u201eIzaugsme un nodarbin\u0101t\u012bba\u201d specifisk\u0101 atbalsta m\u0113r\u0137a \u201ePalielin\u0101t nodarbin\u0101t\u012bb\u0101, izgl\u012bt\u012bb\u0101 vai apm\u0101c\u012bb\u0101s neiesaist\u012btu jaunie\u0161u nodarbin\u0101t\u012bbu un izgl\u012bt\u012bbas ieguvi Jaunie\u0161u garantijas ietvaros\u201d pas\u0101kuma \u201eS\u0101kotn\u0113j\u0101s profesion\u0101l\u0101s izgl\u012bt\u012bbas programmu \u012bsteno\u0161ana Jaunie\u0161u garantijas ietvaros\u201d projekta \u201eS\u0101kotn\u0113j\u0101s profesion\u0101l\u0101s izgl\u012bt\u012bbas programmu \u012bsteno\u0161ana Jaunie\u0161u garantijas ietvaros.\u201d<\/span><\/p>\n<p>\u00a0<\/p>\n<p><a href=\"http:\/\/www.kuldigastehnikums.lv\/wp-content\/uploads\/2018\/12\/IMG_4247.jpg\"><img decoding=\"async\" class=\"alignnone size-thumbnail wp-image-17052\" src=\"http:\/\/www.kuldigastehnikums.lv\/wp-content\/uploads\/2018\/12\/IMG_4247-130x130.jpg\" alt=\"\" width=\"130\" height=\"130\" \/><\/a> <a href=\"http:\/\/www.kuldigastehnikums.lv\/wp-content\/uploads\/2018\/12\/IMG_4248.jpg\"><img decoding=\"async\" class=\"alignnone size-thumbnail wp-image-17053\" src=\"http:\/\/www.kuldigastehnikums.lv\/wp-content\/uploads\/2018\/12\/IMG_4248-130x130.jpg\" alt=\"\" width=\"130\" height=\"130\" \/><\/a><\/p>\n","protected":false},"excerpt":{"rendered":"<p>5.decembr\u012b Kuld\u012bgas Tehnolo\u0123iju un t\u016brisma tehnikum\u0101 tika \u012bstenota meistarklase \u201eKombin\u0113tais apar\u0101ta manik\u012brs.\u201d Meistarklases \u012bsteno\u0161anu nodro\u0161in\u0101ja SIA \u201eGalerija Baltik,\u201d un to vad\u012bja nozares profesion\u0101\u013ci Tatjana Budk\u0101ne un Krist\u012bne Vindela. \u00a0Meistarklase tiek r\u012bkota ESF darb\u012bbas programmas \u201eIzaugsme un nodarbin\u0101t\u012bba\u201d specifisk\u0101 atbalsta m\u0113r\u0137a \u201ePalielin\u0101t nodarbin\u0101t\u012bb\u0101, izgl\u012bt\u012bb\u0101 vai apm\u0101c\u012bb\u0101s neiesaist\u012btu jaunie\u0161u nodarbin\u0101t\u012bbu un izgl\u012bt\u012bbas ieguvi Jaunie\u0161u garantijas ietvaros\u201d pas\u0101kuma<a class=\"moretag\" href=\"https:\/\/www.kuldigastehnikums.lv\/index.php\/jaunumi\/jaunumi-arhivs\/meistarklase-kombinetais-aparata-manikirs\/\"> Vair\u0101k<\/a> [&#8230;]<\/p>\n<p><a class=\"btn btn-secondary understrap-read-more-link\" href=\"https:\/\/www.kuldigastehnikums.lv\/index.php\/jaunumi\/jaunumi-arhivs\/meistarklase-kombinetais-aparata-manikirs\/\">Vair\u0101k&#8230;<\/a><\/p>\n","protected":false},"author":2,"featured_media":0,"parent":5791,"menu_order":0,"comment_status":"open","ping_status":"open","template":"","meta":{"footnotes":""},"class_list":["post-6049","page","type-page","status-publish","hentry"],"_links":{"self":[{"href":"https:\/\/www.kuldigastehnikums.lv\/index.php\/wp-json\/wp\/v2\/pages\/6049","targetHints":{"allow":["GET"]}}],"collection":[{"href":"https:\/\/www.kuldigastehnikums.lv\/index.php\/wp-json\/wp\/v2\/pages"}],"about":[{"href":"https:\/\/www.kuldigastehnikums.lv\/index.php\/wp-json\/wp\/v2\/types\/page"}],"author":[{"embeddable":true,"href":"https:\/\/www.kuldigastehnikums.lv\/index.php\/wp-json\/wp\/v2\/users\/2"}],"replies":[{"embeddable":true,"href":"https:\/\/www.kuldigastehnikums.lv\/index.php\/wp-json\/wp\/v2\/comments?post=6049"}],"version-history":[{"count":0,"href":"https:\/\/www.kuldigastehnikums.lv\/index.php\/wp-json\/wp\/v2\/pages\/6049\/revisions"}],"up":[{"embeddable":true,"href":"https:\/\/www.kuldigastehnikums.lv\/index.php\/wp-json\/wp\/v2\/pages\/5791"}],"wp:attachment":[{"href":"https:\/\/www.kuldigastehnikums.lv\/index.php\/wp-json\/wp\/v2\/media?parent=6049"}],"curies":[{"name":"wp","href":"https:\/\/api.w.org\/{rel}","templated":true}]}}