{"id":6050,"date":"2019-12-22T21:00:19","date_gmt":"2019-12-22T21:00:19","guid":{"rendered":"http:\/\/www.kuldigastehnikums.lv\/jaunumi\/jaunumi-2018\/macibu-ekskursija-19-un-20-grupai\/"},"modified":"2019-12-22T21:00:19","modified_gmt":"2019-12-22T21:00:19","slug":"macibu-ekskursija-19-un-20-grupai","status":"publish","type":"page","link":"https:\/\/www.kuldigastehnikums.lv\/index.php\/jaunumi\/jaunumi-arhivs\/macibu-ekskursija-19-un-20-grupai\/","title":{"rendered":"M\u0101c\u012bbu ekskursija 19. un 20. grupai"},"content":{"rendered":"<p><span style=\"font-size: 12pt;\">20.novembr\u012b tehnikuma autotransporta noda\u013cas 19. un 20. grupas audz\u0113k\u0146i kop\u0101 ar audzin\u0101t\u0101ju Zandu \u0160legelmilhu dev\u0101s m\u0101c\u012bbu ekskursij\u0101, kuras ietvaros apmekl\u0113ja elektrokartingu halli &#8220;Blue Shock Race&#8221; (BSR) un tik\u0101s ar t\u0101s vad\u012bt\u0101ju Arti Dauginu. Topo\u0161ajiem automeh\u0101ni\u0137iem autodiagnosti\u0137iem bija iesp\u0113ja uzzin\u0101t vair\u0101k par elektrokartingu b\u016bvi, biznesa att\u012bst\u012bbas iesp\u0113j\u0101m, k\u0101 ar\u012b jaunie\u0161i izsp\u0113l\u0113ja virtu\u0101l\u0101s relalit\u0101tes sp\u0113li, bet interesenti izbrauca ar elektrokartingu.<\/span><br \/>\n<span style=\"font-size: 12pt;\">P\u0113c vieso\u0161an\u0101s kartingu hall\u0113 audz\u0113k\u0146i dev\u0101s ekskursij\u0101 par Liep\u0101ju, kur\u0101 iepazin\u0101s ar pils\u0113tas v\u0113sturiskaj\u0101m viet\u0101m. Ekskursiju pa Liep\u0101ju vad\u012bja tehnikuma t\u0101l\u0101kizgl\u012bt\u012bbas programmas &#8220;T\u016brisma pakalpojumi&#8221; (kvalifik\u0101cija- konferen\u010du t\u016brisma un pas\u0101kumu speci\u0101lists) audz\u0113kne Inese Motte.<\/span><br \/>\n<span style=\"font-size: 12pt;\">Ekskursijas nosl\u0113gum\u0101 tehnikuma jaunie\u0161i programmas &#8220;Latvijas skolas soma&#8221; ietvaros noskat\u012bj\u0101s Liep\u0101jas te\u0101tra izr\u0101di &#8220;Liep\u0101ja &#8211; \u00a0Latvijas galvaspils\u0113ta&#8221;. Izr\u0101des dramatur\u0123isko materi\u0101lu veido vair\u0101ki \u012bsi st\u0101sti, kas rasti 1919. gada periodik\u0101 par laiku un notikumiem, kas norisin\u0101ju\u0161ies Liep\u0101j\u0101, kam\u0113r \u0161eit atrad\u0101s Latvijas pagaidu vald\u012bba ar K\u0101rli Ulmani priek\u0161gal\u0101. Laiks, kuru piedz\u012bvoju\u0161i Liep\u0101jas iedz\u012bvot\u0101ji, bijis sam\u0113r\u0101 baiss un nedro\u0161s, ta\u010du taj\u0101 pa\u0161\u0101 laik\u0101 vi\u0146iem bija j\u0101turpina sava ikdienas dz\u012bve, neatkar\u012bgi no soci\u0101lpolitiskajiem apst\u0101k\u013ciem! Izr\u0101de atkl\u0101s, k\u0101 jaunas valsts ra\u0161anos izjuta cilv\u0113ki, kuri tie\u0161i nebija saist\u012bti ar politisko l\u0113mumu pie\u0146em\u0161anu \u2013 gan Latvijas kult\u016bras v\u0113stur\u0113 labi zin\u0101mas person\u012bbas, gan vienk\u0101r\u0161ie pils\u0113tas iedz\u012bvot\u0101ji.<\/span><\/p>\n<p><span style=\"font-size: 12pt;\">Materi\u0101lu sagatavoja skolot\u0101ja Zanda \u0160legelmilha.<\/span><\/p>\n<p>\u00a0<\/p>\n\n","protected":false},"excerpt":{"rendered":"<p>20.novembr\u012b tehnikuma autotransporta noda\u013cas 19. un 20. grupas audz\u0113k\u0146i kop\u0101 ar audzin\u0101t\u0101ju Zandu \u0160legelmilhu dev\u0101s m\u0101c\u012bbu ekskursij\u0101, kuras ietvaros apmekl\u0113ja elektrokartingu halli &#8220;Blue Shock Race&#8221; (BSR) un tik\u0101s ar t\u0101s vad\u012bt\u0101ju Arti Dauginu. Topo\u0161ajiem automeh\u0101ni\u0137iem autodiagnosti\u0137iem bija iesp\u0113ja uzzin\u0101t vair\u0101k par elektrokartingu b\u016bvi, biznesa att\u012bst\u012bbas iesp\u0113j\u0101m, k\u0101 ar\u012b jaunie\u0161i izsp\u0113l\u0113ja virtu\u0101l\u0101s relalit\u0101tes sp\u0113li, bet interesenti<a class=\"moretag\" href=\"https:\/\/www.kuldigastehnikums.lv\/index.php\/jaunumi\/jaunumi-arhivs\/macibu-ekskursija-19-un-20-grupai\/\"> Vair\u0101k<\/a> [&#8230;]<\/p>\n<p><a class=\"btn btn-secondary understrap-read-more-link\" href=\"https:\/\/www.kuldigastehnikums.lv\/index.php\/jaunumi\/jaunumi-arhivs\/macibu-ekskursija-19-un-20-grupai\/\">Vair\u0101k&#8230;<\/a><\/p>\n","protected":false},"author":2,"featured_media":0,"parent":5791,"menu_order":0,"comment_status":"open","ping_status":"open","template":"","meta":{"footnotes":""},"class_list":["post-6050","page","type-page","status-publish","hentry"],"_links":{"self":[{"href":"https:\/\/www.kuldigastehnikums.lv\/index.php\/wp-json\/wp\/v2\/pages\/6050","targetHints":{"allow":["GET"]}}],"collection":[{"href":"https:\/\/www.kuldigastehnikums.lv\/index.php\/wp-json\/wp\/v2\/pages"}],"about":[{"href":"https:\/\/www.kuldigastehnikums.lv\/index.php\/wp-json\/wp\/v2\/types\/page"}],"author":[{"embeddable":true,"href":"https:\/\/www.kuldigastehnikums.lv\/index.php\/wp-json\/wp\/v2\/users\/2"}],"replies":[{"embeddable":true,"href":"https:\/\/www.kuldigastehnikums.lv\/index.php\/wp-json\/wp\/v2\/comments?post=6050"}],"version-history":[{"count":0,"href":"https:\/\/www.kuldigastehnikums.lv\/index.php\/wp-json\/wp\/v2\/pages\/6050\/revisions"}],"up":[{"embeddable":true,"href":"https:\/\/www.kuldigastehnikums.lv\/index.php\/wp-json\/wp\/v2\/pages\/5791"}],"wp:attachment":[{"href":"https:\/\/www.kuldigastehnikums.lv\/index.php\/wp-json\/wp\/v2\/media?parent=6050"}],"curies":[{"name":"wp","href":"https:\/\/api.w.org\/{rel}","templated":true}]}}