{"id":6051,"date":"2019-12-22T21:00:19","date_gmt":"2019-12-22T21:00:19","guid":{"rendered":"http:\/\/www.kuldigastehnikums.lv\/jaunumi\/jaunumi-2018\/projekta-skolas-soma-ietvaros-apmekleja-latvijas-lellu-teatri\/"},"modified":"2019-12-22T21:00:19","modified_gmt":"2019-12-22T21:00:19","slug":"projekta-skolas-soma-ietvaros-apmekleja-latvijas-lellu-teatri","status":"publish","type":"page","link":"https:\/\/www.kuldigastehnikums.lv\/index.php\/jaunumi\/jaunumi-arhivs\/projekta-skolas-soma-ietvaros-apmekleja-latvijas-lellu-teatri\/","title":{"rendered":"Projekta &#8220;Skolas soma ietvaros&#8221; apmekl\u0113ja Latvijas Le\u013c\u013cu te\u0101tri"},"content":{"rendered":"<p><span style=\"font-size: 12pt;\">7.decembr\u012b lo\u0123istikas darbinieku 21.un 17a grupas Projekta &#8220;Skolas soma ietvaros&#8221; apmekl\u0113ja Latvijas Le\u013c\u013cu te\u0101tri, lai noskat\u012btos Rai\u0146a izr\u0101di &#8220;Zelta zirgs.&#8221; Papildus tam v\u0113l pabij\u0101m Jysk noliktav\u0101s, lai iepaz\u012btos ar lo\u0123istikas procesu tur, k\u0101 ar\u012b pabij\u0101m &#8220;\u0100da\u017eu \u010dipsos&#8221; uz uztura meistarklasi.<\/span><\/p>\n\n","protected":false},"excerpt":{"rendered":"<p>7.decembr\u012b lo\u0123istikas darbinieku 21.un 17a grupas Projekta &#8220;Skolas soma ietvaros&#8221; apmekl\u0113ja Latvijas Le\u013c\u013cu te\u0101tri, lai noskat\u012btos Rai\u0146a izr\u0101di &#8220;Zelta zirgs.&#8221; Papildus tam v\u0113l pabij\u0101m Jysk noliktav\u0101s, lai iepaz\u012btos ar lo\u0123istikas procesu tur, k\u0101 ar\u012b pabij\u0101m &#8220;\u0100da\u017eu \u010dipsos&#8221; uz uztura meistarklasi. [&#8230;]<\/p>\n<p><a class=\"btn btn-secondary understrap-read-more-link\" href=\"https:\/\/www.kuldigastehnikums.lv\/index.php\/jaunumi\/jaunumi-arhivs\/projekta-skolas-soma-ietvaros-apmekleja-latvijas-lellu-teatri\/\">Vair\u0101k&#8230;<\/a><\/p>\n","protected":false},"author":2,"featured_media":0,"parent":5791,"menu_order":0,"comment_status":"open","ping_status":"open","template":"","meta":{"footnotes":""},"class_list":["post-6051","page","type-page","status-publish","hentry"],"_links":{"self":[{"href":"https:\/\/www.kuldigastehnikums.lv\/index.php\/wp-json\/wp\/v2\/pages\/6051","targetHints":{"allow":["GET"]}}],"collection":[{"href":"https:\/\/www.kuldigastehnikums.lv\/index.php\/wp-json\/wp\/v2\/pages"}],"about":[{"href":"https:\/\/www.kuldigastehnikums.lv\/index.php\/wp-json\/wp\/v2\/types\/page"}],"author":[{"embeddable":true,"href":"https:\/\/www.kuldigastehnikums.lv\/index.php\/wp-json\/wp\/v2\/users\/2"}],"replies":[{"embeddable":true,"href":"https:\/\/www.kuldigastehnikums.lv\/index.php\/wp-json\/wp\/v2\/comments?post=6051"}],"version-history":[{"count":0,"href":"https:\/\/www.kuldigastehnikums.lv\/index.php\/wp-json\/wp\/v2\/pages\/6051\/revisions"}],"up":[{"embeddable":true,"href":"https:\/\/www.kuldigastehnikums.lv\/index.php\/wp-json\/wp\/v2\/pages\/5791"}],"wp:attachment":[{"href":"https:\/\/www.kuldigastehnikums.lv\/index.php\/wp-json\/wp\/v2\/media?parent=6051"}],"curies":[{"name":"wp","href":"https:\/\/api.w.org\/{rel}","templated":true}]}}