{"id":6139,"date":"2019-12-22T21:19:04","date_gmt":"2019-12-22T21:19:04","guid":{"rendered":"http:\/\/www.kuldigastehnikums.lv\/jaunumi\/jaunumi-2018\/matematikas-fizikas-informatikas-nedela\/"},"modified":"2019-12-22T21:19:04","modified_gmt":"2019-12-22T21:19:04","slug":"matematikas-fizikas-informatikas-nedela","status":"publish","type":"page","link":"https:\/\/www.kuldigastehnikums.lv\/index.php\/jaunumi\/jaunumi-arhivs\/matematikas-fizikas-informatikas-nedela\/","title":{"rendered":"Matem\u0101tikas, fizikas, inform\u0101tikas ned\u0113\u013ca"},"content":{"rendered":"<p><span style=\"font-size: 12pt;\">No 30.janv\u0101ra l\u012bdz 3.febru\u0101rim tehnikum\u0101 risin\u0101j\u0101s matem\u0101tikas, fizikas un inform\u0101tikas ned\u0113\u013c\u0101, kur\u0101 audz\u0113k\u0146iem bija iesp\u0113ja piedal\u012bties un l\u012bdzdarboties da\u017e\u0101dos pas\u0101kumos, demonstr\u0113jumos, sacens\u012bb\u0101s, pr\u0101ta vingrin\u0101jumos un eksperimentos.<\/span><\/p>\n<p><span style=\"font-size: 12pt;\"> TVSkrunda si\u017eets par matem\u0101tikas, fizikas, inform\u0101tikas ned\u0113\u013cu \u0161eit-<\/span><br \/>\n<span style=\"font-size: 12pt;\"> <a href=\"https:\/\/www.youtube.com\/watch?v=iZlWbu71m3o\">https:\/\/www.youtube.com\/watch?v=iZlWbu71m3o<\/a><\/span><\/p>\n<p><span style=\"font-size: 12pt;\"> \u00a0Materi\u0101lu sagatavoja skolot\u0101ja Zanda \u0160legelmilha.<\/span><\/p>\n<div id='gallery-1' class='gallery galleryid-6139 gallery-columns-4 gallery-size-thumbnail'><figure class='gallery-item'>\n\t\t\t<div class='gallery-icon portrait'>\n\t\t\t\t<a href='https:\/\/www.kuldigastehnikums.lv\/index.php\/inese-klavina-prezente-tehnikuma-darbu-latvijas-amatniecibas-kameras-starptautiskaja-konference\/part000001-12\/'><img decoding=\"async\" width=\"150\" height=\"150\" src=\"https:\/\/www.kuldigastehnikums.lv\/wp-content\/uploads\/2020\/03\/part000001-12-150x150.jpg\" class=\"attachment-thumbnail size-thumbnail\" alt=\"\" \/><\/a>\n\t\t\t<\/div><\/figure><figure class='gallery-item'>\n\t\t\t<div class='gallery-icon landscape'>\n\t\t\t\t<a href='https:\/\/www.kuldigastehnikums.lv\/index.php\/dace-cine-prezente-ecvet-principus-seminara\/part000001-11\/'><img decoding=\"async\" width=\"150\" height=\"150\" src=\"https:\/\/www.kuldigastehnikums.lv\/wp-content\/uploads\/2020\/03\/part000001-11-150x150.jpg\" class=\"attachment-thumbnail size-thumbnail\" alt=\"\" \/><\/a>\n\t\t\t<\/div><\/figure>\n\t\t<\/div>\n\n<p>\u00a0<\/p>\n","protected":false},"excerpt":{"rendered":"<p>No 30.janv\u0101ra l\u012bdz 3.febru\u0101rim tehnikum\u0101 risin\u0101j\u0101s matem\u0101tikas, fizikas un inform\u0101tikas ned\u0113\u013c\u0101, kur\u0101 audz\u0113k\u0146iem bija iesp\u0113ja piedal\u012bties un l\u012bdzdarboties da\u017e\u0101dos pas\u0101kumos, demonstr\u0113jumos, sacens\u012bb\u0101s, pr\u0101ta vingrin\u0101jumos un eksperimentos. TVSkrunda si\u017eets par matem\u0101tikas, fizikas, inform\u0101tikas ned\u0113\u013cu \u0161eit- https:\/\/www.youtube.com\/watch?v=iZlWbu71m3o \u00a0Materi\u0101lu sagatavoja skolot\u0101ja Zanda \u0160legelmilha. \u00a0 [&#8230;]<\/p>\n<p><a class=\"btn btn-secondary understrap-read-more-link\" href=\"https:\/\/www.kuldigastehnikums.lv\/index.php\/jaunumi\/jaunumi-arhivs\/matematikas-fizikas-informatikas-nedela\/\">Vair\u0101k&#8230;<\/a><\/p>\n","protected":false},"author":2,"featured_media":0,"parent":5791,"menu_order":0,"comment_status":"open","ping_status":"open","template":"","meta":{"footnotes":""},"class_list":["post-6139","page","type-page","status-publish","hentry"],"_links":{"self":[{"href":"https:\/\/www.kuldigastehnikums.lv\/index.php\/wp-json\/wp\/v2\/pages\/6139","targetHints":{"allow":["GET"]}}],"collection":[{"href":"https:\/\/www.kuldigastehnikums.lv\/index.php\/wp-json\/wp\/v2\/pages"}],"about":[{"href":"https:\/\/www.kuldigastehnikums.lv\/index.php\/wp-json\/wp\/v2\/types\/page"}],"author":[{"embeddable":true,"href":"https:\/\/www.kuldigastehnikums.lv\/index.php\/wp-json\/wp\/v2\/users\/2"}],"replies":[{"embeddable":true,"href":"https:\/\/www.kuldigastehnikums.lv\/index.php\/wp-json\/wp\/v2\/comments?post=6139"}],"version-history":[{"count":0,"href":"https:\/\/www.kuldigastehnikums.lv\/index.php\/wp-json\/wp\/v2\/pages\/6139\/revisions"}],"up":[{"embeddable":true,"href":"https:\/\/www.kuldigastehnikums.lv\/index.php\/wp-json\/wp\/v2\/pages\/5791"}],"wp:attachment":[{"href":"https:\/\/www.kuldigastehnikums.lv\/index.php\/wp-json\/wp\/v2\/media?parent=6139"}],"curies":[{"name":"wp","href":"https:\/\/api.w.org\/{rel}","templated":true}]}}