{"id":6147,"date":"2019-12-22T21:19:05","date_gmt":"2019-12-22T21:19:05","guid":{"rendered":"http:\/\/www.kuldigastehnikums.lv\/jaunumi\/jaunumi-2018\/kursu-darbu-prezentesana-mebelu-dizaina-profesija\/"},"modified":"2019-12-22T21:19:05","modified_gmt":"2019-12-22T21:19:05","slug":"kursu-darbu-prezentesana-mebelu-dizaina-profesija","status":"publish","type":"page","link":"https:\/\/www.kuldigastehnikums.lv\/index.php\/jaunumi\/jaunumi-arhivs\/kursu-darbu-prezentesana-mebelu-dizaina-profesija\/","title":{"rendered":"Kursu darbu prezent\u0113\u0161ana m\u0113be\u013cu dizaina profesij\u0101"},"content":{"rendered":"<p><span style=\"font-size: 12pt;\">M\u0113be\u013cu dizaina speci\u0101listi prezent\u0113\u00a0 kursa darbu maket\u0113\u0161an\u0101 &#8211; dienesta viesn\u012bca &#8220;Ez\u012b\u0161a miga&#8221; studentu atp\u016btas foaj\u0113 interjers<\/span><\/p>\n<p>\u00a0<\/p>\n\n","protected":false},"excerpt":{"rendered":"<p>M\u0113be\u013cu dizaina speci\u0101listi prezent\u0113\u00a0 kursa darbu maket\u0113\u0161an\u0101 &#8211; dienesta viesn\u012bca &#8220;Ez\u012b\u0161a miga&#8221; studentu atp\u016btas foaj\u0113 interjers \u00a0 [&#8230;]<\/p>\n<p><a class=\"btn btn-secondary understrap-read-more-link\" href=\"https:\/\/www.kuldigastehnikums.lv\/index.php\/jaunumi\/jaunumi-arhivs\/kursu-darbu-prezentesana-mebelu-dizaina-profesija\/\">Vair\u0101k&#8230;<\/a><\/p>\n","protected":false},"author":2,"featured_media":0,"parent":5791,"menu_order":0,"comment_status":"open","ping_status":"open","template":"","meta":{"footnotes":""},"class_list":["post-6147","page","type-page","status-publish","hentry"],"_links":{"self":[{"href":"https:\/\/www.kuldigastehnikums.lv\/index.php\/wp-json\/wp\/v2\/pages\/6147","targetHints":{"allow":["GET"]}}],"collection":[{"href":"https:\/\/www.kuldigastehnikums.lv\/index.php\/wp-json\/wp\/v2\/pages"}],"about":[{"href":"https:\/\/www.kuldigastehnikums.lv\/index.php\/wp-json\/wp\/v2\/types\/page"}],"author":[{"embeddable":true,"href":"https:\/\/www.kuldigastehnikums.lv\/index.php\/wp-json\/wp\/v2\/users\/2"}],"replies":[{"embeddable":true,"href":"https:\/\/www.kuldigastehnikums.lv\/index.php\/wp-json\/wp\/v2\/comments?post=6147"}],"version-history":[{"count":0,"href":"https:\/\/www.kuldigastehnikums.lv\/index.php\/wp-json\/wp\/v2\/pages\/6147\/revisions"}],"up":[{"embeddable":true,"href":"https:\/\/www.kuldigastehnikums.lv\/index.php\/wp-json\/wp\/v2\/pages\/5791"}],"wp:attachment":[{"href":"https:\/\/www.kuldigastehnikums.lv\/index.php\/wp-json\/wp\/v2\/media?parent=6147"}],"curies":[{"name":"wp","href":"https:\/\/api.w.org\/{rel}","templated":true}]}}