{"id":6151,"date":"2019-12-22T21:19:06","date_gmt":"2019-12-22T21:19:06","guid":{"rendered":"http:\/\/www.kuldigastehnikums.lv\/jaunumi\/jaunumi-2018\/k-d-pomerancis-darbojas-jauniesu-saeima\/"},"modified":"2019-12-22T21:19:06","modified_gmt":"2019-12-22T21:19:06","slug":"k-d-pomerancis-darbojas-jauniesu-saeima","status":"publish","type":"page","link":"https:\/\/www.kuldigastehnikums.lv\/index.php\/jaunumi\/jaunumi-arhivs\/k-d-pomerancis-darbojas-jauniesu-saeima\/","title":{"rendered":"K.D.Pomerancis darbojas Jaunie\u0161u Saeim\u0101"},"content":{"rendered":"<p><span style=\"font-size: 12pt;\">21.apr\u012bl\u012b 2.grupas audz\u0113knis K\u0101rlis Didzis Pomerancis piedal\u012bj\u0101s 7.Jaunie\u0161u Saeimas darb\u0101.<\/span><br data-text=\"true\" \/><br \/>\n<br \/>\n<span style=\"font-size: 12pt;\"> \u0160\u012b gada Jaunie\u0161u Saeimas centr\u0101l\u0101 t\u0113ma bija izgl\u012bt\u012bba, un jaunie\u0161i tika aicin\u0101ti iesniegt idejas form\u0101l\u0101s un neform\u0101l\u0101s izgl\u012bt\u012bbas pilnveidei Latvij\u0101. 7.Jaunie\u0161u Saeima pie\u0146\u0113ma \u010detru nozaru komisij\u0101s izstr\u0101d\u0101t\u0101s deklar\u0101cijas par patriotisma un valstiskuma apzi\u0146as veicin\u0101\u0161anu, dro\u0161\u012bbu internet\u0101, izgl\u012bt\u012bbas kvalit\u0101tes, k\u0101 ar\u012b studiju veicin\u0101\u0161anas iesp\u0113j\u0101m.<\/span><br data-text=\"true\" \/><br \/>\n<br \/>\n<span style=\"font-size: 12pt;\"> Jaunie\u0161u Saeimas deput\u0101tus iev\u0113l\u0113 publisk\u0101 balsojum\u0101 projekta m\u0101jaslap\u0101 www.jauniesusaeima.lv, un no iev\u0113l\u0113tajiem 100 deput\u0101tiem 21.apr\u012bl\u012b Saeimas nam\u0101 uz 7.Jaunie\u0161u Saeimu pulc\u0113j\u0101s 93 jaunie\u0161i. Vi\u0146iem \u0161aj\u0101 dien\u0101 bija iesp\u0113ja iepaz\u012bt parlamenta ikdienas darbu &#8211; likumu izstr\u0101des procesu komisij\u0101s un Saeimas s\u0113d\u0113s.<\/span><br data-text=\"true\" \/><br \/>\n<br \/>\n<span style=\"font-size: 12pt;\"> TV si\u017eets par 7.Jaunie\u0161u Saeimas darbu skat\u012bt \u0161eit:<\/span><br data-text=\"true\" \/><br \/>\n<br \/>\n<span style=\"font-size: 12pt;\"> https:\/\/www.youtube.com\/watch?v=5L2l93ktvfo<\/span><br data-text=\"true\" \/><br \/>\n<br \/>\n<span style=\"font-size: 12pt;\"> Materi\u0101lu sagatavoja skolot\u0101ja Zanda \u0160legelmilha.<\/span><\/p>\n<div id='gallery-1' class='gallery galleryid-6151 gallery-columns-4 gallery-size-thumbnail'><figure class='gallery-item'>\n\t\t\t<div class='gallery-icon portrait'>\n\t\t\t\t<a href='https:\/\/www.kuldigastehnikums.lv\/index.php\/spekratu-mehaniku-programmas-studenti-karto-traktorista-tiesibas-03-10-2020\/index-2\/'><img decoding=\"async\" width=\"150\" height=\"150\" src=\"https:\/\/www.kuldigastehnikums.lv\/wp-content\/uploads\/2020\/10\/index-150x150.jpeg\" class=\"attachment-thumbnail size-thumbnail\" alt=\"\" \/><\/a>\n\t\t\t<\/div><\/figure><figure class='gallery-item'>\n\t\t\t<div class='gallery-icon portrait'>\n\t\t\t\t<a href='https:\/\/www.kuldigastehnikums.lv\/index.php\/spekratu-mehaniku-programmas-studenti-karto-traktorista-tiesibas-03-10-2020\/index1\/'><img decoding=\"async\" width=\"150\" height=\"150\" src=\"https:\/\/www.kuldigastehnikums.lv\/wp-content\/uploads\/2020\/10\/index1-150x150.jpeg\" class=\"attachment-thumbnail size-thumbnail\" alt=\"\" \/><\/a>\n\t\t\t<\/div><\/figure>\n\t\t<\/div>\n\n","protected":false},"excerpt":{"rendered":"<p>21.apr\u012bl\u012b 2.grupas audz\u0113knis K\u0101rlis Didzis Pomerancis piedal\u012bj\u0101s 7.Jaunie\u0161u Saeimas darb\u0101. \u0160\u012b gada Jaunie\u0161u Saeimas centr\u0101l\u0101 t\u0113ma bija izgl\u012bt\u012bba, un jaunie\u0161i tika aicin\u0101ti iesniegt idejas form\u0101l\u0101s un neform\u0101l\u0101s izgl\u012bt\u012bbas pilnveidei Latvij\u0101. 7.Jaunie\u0161u Saeima pie\u0146\u0113ma \u010detru nozaru komisij\u0101s izstr\u0101d\u0101t\u0101s deklar\u0101cijas par patriotisma un valstiskuma apzi\u0146as veicin\u0101\u0161anu, dro\u0161\u012bbu internet\u0101, izgl\u012bt\u012bbas kvalit\u0101tes, k\u0101 ar\u012b studiju veicin\u0101\u0161anas iesp\u0113j\u0101m. Jaunie\u0161u Saeimas<a class=\"moretag\" href=\"https:\/\/www.kuldigastehnikums.lv\/index.php\/jaunumi\/jaunumi-arhivs\/k-d-pomerancis-darbojas-jauniesu-saeima\/\"> Vair\u0101k<\/a> [&#8230;]<\/p>\n<p><a class=\"btn btn-secondary understrap-read-more-link\" href=\"https:\/\/www.kuldigastehnikums.lv\/index.php\/jaunumi\/jaunumi-arhivs\/k-d-pomerancis-darbojas-jauniesu-saeima\/\">Vair\u0101k&#8230;<\/a><\/p>\n","protected":false},"author":2,"featured_media":0,"parent":5791,"menu_order":0,"comment_status":"open","ping_status":"open","template":"","meta":{"footnotes":""},"class_list":["post-6151","page","type-page","status-publish","hentry"],"_links":{"self":[{"href":"https:\/\/www.kuldigastehnikums.lv\/index.php\/wp-json\/wp\/v2\/pages\/6151","targetHints":{"allow":["GET"]}}],"collection":[{"href":"https:\/\/www.kuldigastehnikums.lv\/index.php\/wp-json\/wp\/v2\/pages"}],"about":[{"href":"https:\/\/www.kuldigastehnikums.lv\/index.php\/wp-json\/wp\/v2\/types\/page"}],"author":[{"embeddable":true,"href":"https:\/\/www.kuldigastehnikums.lv\/index.php\/wp-json\/wp\/v2\/users\/2"}],"replies":[{"embeddable":true,"href":"https:\/\/www.kuldigastehnikums.lv\/index.php\/wp-json\/wp\/v2\/comments?post=6151"}],"version-history":[{"count":0,"href":"https:\/\/www.kuldigastehnikums.lv\/index.php\/wp-json\/wp\/v2\/pages\/6151\/revisions"}],"up":[{"embeddable":true,"href":"https:\/\/www.kuldigastehnikums.lv\/index.php\/wp-json\/wp\/v2\/pages\/5791"}],"wp:attachment":[{"href":"https:\/\/www.kuldigastehnikums.lv\/index.php\/wp-json\/wp\/v2\/media?parent=6151"}],"curies":[{"name":"wp","href":"https:\/\/api.w.org\/{rel}","templated":true}]}}