{"id":6163,"date":"2019-12-22T21:19:06","date_gmt":"2019-12-22T21:19:06","guid":{"rendered":"http:\/\/www.kuldigastehnikums.lv\/jaunumi\/jaunumi-2018\/konkursa-janu-siera-cels-noslegums\/"},"modified":"2019-12-22T21:19:06","modified_gmt":"2019-12-22T21:19:06","slug":"konkursa-janu-siera-cels-noslegums","status":"publish","type":"page","link":"https:\/\/www.kuldigastehnikums.lv\/index.php\/jaunumi\/jaunumi-arhivs\/konkursa-janu-siera-cels-noslegums\/","title":{"rendered":"Konkursa &#8220;J\u0101\u0146u siera ce\u013c\u0161&#8221; nosl\u0113gums"},"content":{"rendered":"<p><span style=\"font-size: 12pt;\">25.maij\u0101 tehnikuma audz\u0113k\u0146i kop\u0101 ar skolot\u0101ju B.Ai\u0161puri piedal\u012bj\u0101s Ogres tehnikuma un biedr\u012bbas &#8220;Siera klubs&#8221; orgaklubs&#8221; organiz\u0113t\u0101 rado\u0161\u0101 konkursa &#8220;J\u0101\u0146u siera ce\u013c\u0161&#8221; nosl\u0113guma pas\u0101kum\u0101 un gleznu ce\u013cojo\u0161\u0101s izst\u0101des atkl\u0101\u0161an\u0101. No Kuld\u012bgas Tehnolo\u0123iju un t\u016brisma tehnikuma konkurs\u0101 piedal\u012bj\u0101s 6 audz\u0113k\u0146i- R\u016bdis Zvaigzn\u012btis, Kitija J\u0113r\u0101ne, Marika Radvinskaite, D\u017eeina Lauva, Raimonds Kalni\u0146\u0161 un Gunita Strautmane-, kuri ieguva ar\u012b pateic\u012bbas rakstus par dal\u012bbu konkurs\u0101. Lepojamies!<\/span><\/p>\n<p><span style=\"font-size: 12pt;\">Izst\u0101des atkl\u0101\u0161an\u0101 piedal\u012bj\u0101s Ogres un Ik\u0161\u0137iles novadu pa\u0161vald\u012bbas, piena p\u0101rstr\u0101des uz\u0146\u0113mumu p\u0101rst\u0101vji, konkursa dal\u012bbnieki un vi\u0146u pedagogi.<\/span><br \/>\n<span style=\"font-size: 12pt;\">Kl\u0101teso\u0161os uzrun\u0101ja ar\u012b \u017e\u016brijas p\u0101rst\u0101ve Ilze Jurk\u0101ne: &#8220;Mani \u013coti iepriecin\u0101ja \u0161is projekts &#8211; katr\u0101 glezn\u0101 ir ielikta jauno m\u0101kslinieku izdoma, un nebija viegli izv\u0113l\u0113ties darbus izst\u0101dei un gr\u0101matai. Tas liecina, ka Latvija k\u0101 m\u0101kslas lielvalsts turpin\u0101sies &#8211; b\u016bs m\u0101kslinieki un b\u016bs ar\u012b J\u0101\u0146u siers. Iesaku visiem k\u0101dreiz pam\u0113\u0123in\u0101t pa\u0161iem sasiet J\u0101\u0146u sieru,&#8221; v\u0113l\u0113ja I.Jurk\u0101ne.<\/span><\/p>\n<p><span style=\"font-size: 12pt;\">Konkursa \u017e\u016brijas v\u0113rt\u0113jumam tika iesniegti 30 darbi, no kuriem izst\u0101d\u0113 iek\u013cautas 24 gleznas. Se\u0161i no izst\u0101d\u0113 redzamajiem darbiem izpeln\u012bju\u0161ies ties\u012bbas b\u016bt public\u0113tiem biedr\u012bbas &#8220;Siera klubs&#8221; sagatavotaj\u0101 gr\u0101mat\u0101 &#8220;J\u0101\u0146u siers&#8221;.<\/span><\/p>\n<p><span style=\"font-size: 12pt;\">Jaunie\u0161u iesniegtos darbus v\u0113rt\u0113ja \u017e\u016brija: biedr\u012bbas &#8220;Siera klubs&#8221; valdes priek\u0161s\u0113d\u0113t\u0101ja Vanda Davidanova, finansiste, raid\u012bjumu vad\u012bt\u0101ja, gr\u0101matu autore Ilze Jurk\u0101ne, m\u0101kslinieks Edgars Janemanis, PKS &#8220;Straupe&#8221; tehniskais direktors Rolands Jomerts un Ik\u0161\u0137iles M\u016bzikas un m\u0101kslas skolas pedago\u0123e Laila Balode.<\/span><\/p>\n<p><span style=\"font-size: 12pt;\">Izst\u0101des atkl\u0101\u0161anas nosl\u0113gum\u0101 notika J\u0101\u0146u siera degust\u0101cija, un katrs var\u0113ja nobalsot par sev iepatiku\u0161os siera \u0161\u0137irni.<\/span><\/p>\n<p><span style=\"font-size: 12pt;\">Materi\u0101lu sagatavoja skolot\u0101ja Zanda \u0160legelmilha. Foto no Ogres tehnikuma arh\u012bva.<\/span><\/p>\n<p><span style=\"font-size: 12pt;\">niz\u0113t\u0101 rado\u0161\u0101 konkursa &#8220;J\u0101\u0146u siera ce\u013c\u0161&#8221; nosl\u0113guma pas\u0101kum\u0101 un gleznu ce\u013cojo\u0161\u0101s izst\u0101des atkl\u0101\u0161an\u0101. No Kuld\u012bgas Tehnolo\u0123iju un t\u016brisma tehnikuma konkurs\u0101 piedal\u012bj\u0101s 6 audz\u0113k\u0146i- R\u016bdis Zvaigzn\u012btis, Kitija J\u0113r\u0101ne, Marika Radvinskaite, D\u017eeina Lauva, Raimonds Kalni\u0146\u0161 un Gunita Strautmane-, kuri ieguva ar\u012b pateic\u012bbas rakstus par dal\u012bbu konkurs\u0101. Lepojamies!<\/span><\/p>\n<p><span style=\"font-size: 12pt;\">Izst\u0101des atkl\u0101\u0161an\u0101 piedal\u012bj\u0101s Ogres un Ik\u0161\u0137iles novadu pa\u0161vald\u012bbas, piena p\u0101rstr\u0101des uz\u0146\u0113mumu p\u0101rst\u0101vji, konkursa dal\u012bbnieki un vi\u0146u pedagogi.<\/span><br \/>\n<span style=\"font-size: 12pt;\">Kl\u0101teso\u0161os uzrun\u0101ja ar\u012b \u017e\u016brijas p\u0101rst\u0101ve Ilze Jurk\u0101ne: &#8220;Mani \u013coti iepriecin\u0101ja \u0161is projekts &#8211; katr\u0101 glezn\u0101 ir ielikta jauno m\u0101kslinieku izdoma, un nebija viegli izv\u0113l\u0113ties darbus izst\u0101dei un gr\u0101matai. Tas liecina, ka Latvija k\u0101 m\u0101kslas lielvalsts turpin\u0101sies &#8211; b\u016bs m\u0101kslinieki un b\u016bs ar\u012b J\u0101\u0146u siers. Iesaku visiem k\u0101dreiz pam\u0113\u0123in\u0101t pa\u0161iem sasiet J\u0101\u0146u sieru,&#8221; v\u0113l\u0113ja I.Jurk\u0101ne.<\/span><\/p>\n<p><span style=\"font-size: 12pt;\">Konkursa \u017e\u016brijas v\u0113rt\u0113jumam tika iesniegti 30 darbi, no kuriem izst\u0101d\u0113 iek\u013cautas 24 gleznas. Se\u0161i no izst\u0101d\u0113 redzamajiem darbiem izpeln\u012bju\u0161ies ties\u012bbas b\u016bt public\u0113tiem biedr\u012bbas &#8220;Siera klubs&#8221; sagatavotaj\u0101 gr\u0101mat\u0101 &#8220;J\u0101\u0146u siers&#8221;.<\/span><\/p>\n<p><span style=\"font-size: 12pt;\">Jaunie\u0161u iesniegtos darbus v\u0113rt\u0113ja \u017e\u016brija: biedr\u012bbas &#8220;Siera klubs&#8221; valdes priek\u0161s\u0113d\u0113t\u0101ja Vanda Davidanova, finansiste, raid\u012bjumu vad\u012bt\u0101ja, gr\u0101matu autore Ilze Jurk\u0101ne, m\u0101kslinieks Edgars Janemanis, PKS &#8220;Straupe&#8221; tehniskais direktors Rolands Jomerts un Ik\u0161\u0137iles M\u016bzikas un m\u0101kslas skolas pedago\u0123e Laila Balode.<\/span><\/p>\n<p><span style=\"font-size: 12pt;\">Izst\u0101des atkl\u0101\u0161anas nosl\u0113gum\u0101 notika J\u0101\u0146u siera degust\u0101cija, un katrs var\u0113ja nobalsot par sev iepatiku\u0161os siera \u0161\u0137irni.<\/span><\/p>\n<p><span style=\"font-size: 12pt;\">Materi\u0101lu sagatavoja skolot\u0101ja Zanda \u0160legelmilha. Foto no Ogres tehnikuma arh\u012bva.<\/span><\/p>\n<p>\u00a0<\/p>\n\n<p>\u00a0<\/p>\n","protected":false},"excerpt":{"rendered":"<p>25.maij\u0101 tehnikuma audz\u0113k\u0146i kop\u0101 ar skolot\u0101ju B.Ai\u0161puri piedal\u012bj\u0101s Ogres tehnikuma un biedr\u012bbas &#8220;Siera klubs&#8221; orgaklubs&#8221; organiz\u0113t\u0101 rado\u0161\u0101 konkursa &#8220;J\u0101\u0146u siera ce\u013c\u0161&#8221; nosl\u0113guma pas\u0101kum\u0101 un gleznu ce\u013cojo\u0161\u0101s izst\u0101des atkl\u0101\u0161an\u0101. No Kuld\u012bgas Tehnolo\u0123iju un t\u016brisma tehnikuma konkurs\u0101 piedal\u012bj\u0101s 6 audz\u0113k\u0146i- R\u016bdis Zvaigzn\u012btis, Kitija J\u0113r\u0101ne, Marika Radvinskaite, D\u017eeina Lauva, Raimonds Kalni\u0146\u0161 un Gunita Strautmane-, kuri ieguva ar\u012b pateic\u012bbas<a class=\"moretag\" href=\"https:\/\/www.kuldigastehnikums.lv\/index.php\/jaunumi\/jaunumi-arhivs\/konkursa-janu-siera-cels-noslegums\/\"> Vair\u0101k<\/a> [&#8230;]<\/p>\n<p><a class=\"btn btn-secondary understrap-read-more-link\" href=\"https:\/\/www.kuldigastehnikums.lv\/index.php\/jaunumi\/jaunumi-arhivs\/konkursa-janu-siera-cels-noslegums\/\">Vair\u0101k&#8230;<\/a><\/p>\n","protected":false},"author":2,"featured_media":0,"parent":5791,"menu_order":0,"comment_status":"open","ping_status":"open","template":"","meta":{"footnotes":""},"class_list":["post-6163","page","type-page","status-publish","hentry"],"_links":{"self":[{"href":"https:\/\/www.kuldigastehnikums.lv\/index.php\/wp-json\/wp\/v2\/pages\/6163","targetHints":{"allow":["GET"]}}],"collection":[{"href":"https:\/\/www.kuldigastehnikums.lv\/index.php\/wp-json\/wp\/v2\/pages"}],"about":[{"href":"https:\/\/www.kuldigastehnikums.lv\/index.php\/wp-json\/wp\/v2\/types\/page"}],"author":[{"embeddable":true,"href":"https:\/\/www.kuldigastehnikums.lv\/index.php\/wp-json\/wp\/v2\/users\/2"}],"replies":[{"embeddable":true,"href":"https:\/\/www.kuldigastehnikums.lv\/index.php\/wp-json\/wp\/v2\/comments?post=6163"}],"version-history":[{"count":0,"href":"https:\/\/www.kuldigastehnikums.lv\/index.php\/wp-json\/wp\/v2\/pages\/6163\/revisions"}],"up":[{"embeddable":true,"href":"https:\/\/www.kuldigastehnikums.lv\/index.php\/wp-json\/wp\/v2\/pages\/5791"}],"wp:attachment":[{"href":"https:\/\/www.kuldigastehnikums.lv\/index.php\/wp-json\/wp\/v2\/media?parent=6163"}],"curies":[{"name":"wp","href":"https:\/\/api.w.org\/{rel}","templated":true}]}}