{"id":6189,"date":"2019-12-22T21:19:08","date_gmt":"2019-12-22T21:19:08","guid":{"rendered":"http:\/\/www.kuldigastehnikums.lv\/jaunumi\/jaunumi-2018\/daliba-konkursa-profs-2017\/"},"modified":"2019-12-22T21:19:08","modified_gmt":"2019-12-22T21:19:08","slug":"daliba-konkursa-profs-2017","status":"publish","type":"page","link":"https:\/\/www.kuldigastehnikums.lv\/index.php\/jaunumi\/jaunumi-arhivs\/daliba-konkursa-profs-2017\/","title":{"rendered":"Dal\u012bba konkurs\u0101 PROFS 2017"},"content":{"rendered":"<p><span style=\"font-size: 12pt;\">1.novembr\u012b no \u00a0 konkursa \u00a0PROFS 2017 Kurzemes pusfin\u0101la Liep\u0101jas Valsts Tehnikum\u0101 ar izciliem pan\u0101kumiem atgriez\u0101s m\u016bsu tehnikuma audz\u0113k\u0146i -Katr\u012bna Sp\u0113kaine, Em\u012bls Stebulis, Zane Karlshofa, Edmunds Beks, Ilona Balode, Juta Beit\u0101ne, Rita Hamstere, Beate Bogu\u017ea, Kristi\u0101ns Kairovs, Kristers Meik\u0161\u0101ns, Maikls Neimans un Sindija Irbe. Jaunie\u0161us pavad\u012bja un konkurs\u0101 l\u012bdzi juta skolot\u0101ji Astr\u012bda Zeile un Ivars Asnis.<\/span><br \/>\n<span style=\"font-size: 12pt;\"> Konkursu organiz\u0113ja Latvijas Br\u012bvo Arodbiedr\u012bbu Savien\u012bba un Latvijas Darba Dev\u0113ju Konfeder\u0101cija .<\/span><br \/>\n<span style=\"font-size: 12pt;\"> Jaunie\u0161iem bija j\u0101rod atbildes uz jaut\u0101jumiem \u00a0 no darba likuma, darba aizsardz\u012bbas likuma, j\u0101zina orient\u0113ties darba dro\u0161\u012bbas jaut\u0101jumos un j\u0101izprot arodbiedr\u012bbas noz\u012bme no darba dev\u0113ja un darba \u0146\u0113m\u0113ja\u00a0poz\u012bcij\u0101m.<\/span><\/p>\n\n","protected":false},"excerpt":{"rendered":"<p>1.novembr\u012b no \u00a0 konkursa \u00a0PROFS 2017 Kurzemes pusfin\u0101la Liep\u0101jas Valsts Tehnikum\u0101 ar izciliem pan\u0101kumiem atgriez\u0101s m\u016bsu tehnikuma audz\u0113k\u0146i -Katr\u012bna Sp\u0113kaine, Em\u012bls Stebulis, Zane Karlshofa, Edmunds Beks, Ilona Balode, Juta Beit\u0101ne, Rita Hamstere, Beate Bogu\u017ea, Kristi\u0101ns Kairovs, Kristers Meik\u0161\u0101ns, Maikls Neimans un Sindija Irbe. Jaunie\u0161us pavad\u012bja un konkurs\u0101 l\u012bdzi juta skolot\u0101ji Astr\u012bda Zeile un Ivars Asnis.<a class=\"moretag\" href=\"https:\/\/www.kuldigastehnikums.lv\/index.php\/jaunumi\/jaunumi-arhivs\/daliba-konkursa-profs-2017\/\"> Vair\u0101k<\/a> [&#8230;]<\/p>\n<p><a class=\"btn btn-secondary understrap-read-more-link\" href=\"https:\/\/www.kuldigastehnikums.lv\/index.php\/jaunumi\/jaunumi-arhivs\/daliba-konkursa-profs-2017\/\">Vair\u0101k&#8230;<\/a><\/p>\n","protected":false},"author":2,"featured_media":0,"parent":5791,"menu_order":0,"comment_status":"open","ping_status":"open","template":"","meta":{"footnotes":""},"class_list":["post-6189","page","type-page","status-publish","hentry"],"_links":{"self":[{"href":"https:\/\/www.kuldigastehnikums.lv\/index.php\/wp-json\/wp\/v2\/pages\/6189","targetHints":{"allow":["GET"]}}],"collection":[{"href":"https:\/\/www.kuldigastehnikums.lv\/index.php\/wp-json\/wp\/v2\/pages"}],"about":[{"href":"https:\/\/www.kuldigastehnikums.lv\/index.php\/wp-json\/wp\/v2\/types\/page"}],"author":[{"embeddable":true,"href":"https:\/\/www.kuldigastehnikums.lv\/index.php\/wp-json\/wp\/v2\/users\/2"}],"replies":[{"embeddable":true,"href":"https:\/\/www.kuldigastehnikums.lv\/index.php\/wp-json\/wp\/v2\/comments?post=6189"}],"version-history":[{"count":0,"href":"https:\/\/www.kuldigastehnikums.lv\/index.php\/wp-json\/wp\/v2\/pages\/6189\/revisions"}],"up":[{"embeddable":true,"href":"https:\/\/www.kuldigastehnikums.lv\/index.php\/wp-json\/wp\/v2\/pages\/5791"}],"wp:attachment":[{"href":"https:\/\/www.kuldigastehnikums.lv\/index.php\/wp-json\/wp\/v2\/media?parent=6189"}],"curies":[{"name":"wp","href":"https:\/\/api.w.org\/{rel}","templated":true}]}}