{"id":6190,"date":"2019-12-22T21:19:08","date_gmt":"2019-12-22T21:19:08","guid":{"rendered":"http:\/\/www.kuldigastehnikums.lv\/jaunumi\/jaunumi-2018\/macibu-komandejums-skaistumkopsanas-nodalas-studentiem\/"},"modified":"2019-12-22T21:19:08","modified_gmt":"2019-12-22T21:19:08","slug":"macibu-komandejums-skaistumkopsanas-nodalas-studentiem","status":"publish","type":"page","link":"https:\/\/www.kuldigastehnikums.lv\/index.php\/jaunumi\/jaunumi-arhivs\/macibu-komandejums-skaistumkopsanas-nodalas-studentiem\/","title":{"rendered":"M\u0101c\u012bbu komand\u0113jums skaistumkop\u0161anas noda\u013cas studentiem"},"content":{"rendered":"<p><span style=\"font-size: 12pt;\">3. novembr\u012b skaistumkop\u0161anas noda\u013cas 25., 26., 29.un 35.grupu studentes piedal\u012bj\u0101s m\u0101c\u012bbu eksursij\u0101 uz &#8220;Hotel &#8220;J\u016brmala SPA&#8221;&#8221; un uz starptautisko skaistumkop\u0161anas izst\u0101di &#8220;Baltic Beauty&#8221; \u00a0\u0136\u012bpsalas izst\u0101\u017eu z\u0101l\u0113. Ekskursijas laik\u0101 studentes iepazin\u0101s ar re\u0101lu darba vidi , darba apst\u0101k\u013ciem, darba organiz\u0101ciju &#8220;Hotel &#8220;J\u016brmala SPA&#8221; .Savuk\u0101rt \u00a0izst\u0101d\u0113 &#8220;Baltic Beauty&#8221; \u00a0studentes\u00a0\u00a0apskat\u012bja jaun\u0101k\u0101s \u00a0apar\u0101ttehnolo\u0123ijas skaistumkop\u0161anas nozar\u0113, \u00a0da\u017e\u0101du firmu ra\u017eotos \u0137erme\u0146a kop\u0161anas l\u012bdzek\u013cus , un v\u0113roja starptautisku konkursu SPA meistarklas\u0113.<\/span><\/p>\n<p><a href=\"http:\/\/www.kuldigastehnikums.lv\/wp-content\/uploads\/2017\/11\/20171103_113639.jpg\"><img fetchpriority=\"high\" decoding=\"async\" class=\"wp-image-11589 size-large aligncenter\" src=\"http:\/\/www.kuldigastehnikums.lv\/wp-content\/uploads\/2017\/11\/20171103_113639-1024x614.jpg\" alt=\"\" width=\"530\" height=\"318\" \/><\/a><\/p>\n","protected":false},"excerpt":{"rendered":"<p>3. novembr\u012b skaistumkop\u0161anas noda\u013cas 25., 26., 29.un 35.grupu studentes piedal\u012bj\u0101s m\u0101c\u012bbu eksursij\u0101 uz &#8220;Hotel &#8220;J\u016brmala SPA&#8221;&#8221; un uz starptautisko skaistumkop\u0161anas izst\u0101di &#8220;Baltic Beauty&#8221; \u00a0\u0136\u012bpsalas izst\u0101\u017eu z\u0101l\u0113. Ekskursijas laik\u0101 studentes iepazin\u0101s ar re\u0101lu darba vidi , darba apst\u0101k\u013ciem, darba organiz\u0101ciju &#8220;Hotel &#8220;J\u016brmala SPA&#8221; .Savuk\u0101rt \u00a0izst\u0101d\u0113 &#8220;Baltic Beauty&#8221; \u00a0studentes\u00a0\u00a0apskat\u012bja jaun\u0101k\u0101s \u00a0apar\u0101ttehnolo\u0123ijas skaistumkop\u0161anas nozar\u0113, \u00a0da\u017e\u0101du firmu ra\u017eotos \u0137erme\u0146a<a class=\"moretag\" href=\"https:\/\/www.kuldigastehnikums.lv\/index.php\/jaunumi\/jaunumi-arhivs\/macibu-komandejums-skaistumkopsanas-nodalas-studentiem\/\"> Vair\u0101k<\/a> [&#8230;]<\/p>\n<p><a class=\"btn btn-secondary understrap-read-more-link\" href=\"https:\/\/www.kuldigastehnikums.lv\/index.php\/jaunumi\/jaunumi-arhivs\/macibu-komandejums-skaistumkopsanas-nodalas-studentiem\/\">Vair\u0101k&#8230;<\/a><\/p>\n","protected":false},"author":2,"featured_media":0,"parent":5791,"menu_order":0,"comment_status":"open","ping_status":"open","template":"","meta":{"footnotes":""},"class_list":["post-6190","page","type-page","status-publish","hentry"],"_links":{"self":[{"href":"https:\/\/www.kuldigastehnikums.lv\/index.php\/wp-json\/wp\/v2\/pages\/6190","targetHints":{"allow":["GET"]}}],"collection":[{"href":"https:\/\/www.kuldigastehnikums.lv\/index.php\/wp-json\/wp\/v2\/pages"}],"about":[{"href":"https:\/\/www.kuldigastehnikums.lv\/index.php\/wp-json\/wp\/v2\/types\/page"}],"author":[{"embeddable":true,"href":"https:\/\/www.kuldigastehnikums.lv\/index.php\/wp-json\/wp\/v2\/users\/2"}],"replies":[{"embeddable":true,"href":"https:\/\/www.kuldigastehnikums.lv\/index.php\/wp-json\/wp\/v2\/comments?post=6190"}],"version-history":[{"count":0,"href":"https:\/\/www.kuldigastehnikums.lv\/index.php\/wp-json\/wp\/v2\/pages\/6190\/revisions"}],"up":[{"embeddable":true,"href":"https:\/\/www.kuldigastehnikums.lv\/index.php\/wp-json\/wp\/v2\/pages\/5791"}],"wp:attachment":[{"href":"https:\/\/www.kuldigastehnikums.lv\/index.php\/wp-json\/wp\/v2\/media?parent=6190"}],"curies":[{"name":"wp","href":"https:\/\/api.w.org\/{rel}","templated":true}]}}