{"id":6202,"date":"2019-12-22T21:19:08","date_gmt":"2019-12-22T21:19:08","guid":{"rendered":"http:\/\/www.kuldigastehnikums.lv\/jaunumi\/jaunumi-2018\/pieredzes-apmainas-brauciens-uz-liepajas-katolu-pamatskolu\/"},"modified":"2019-12-22T21:19:08","modified_gmt":"2019-12-22T21:19:08","slug":"pieredzes-apmainas-brauciens-uz-liepajas-katolu-pamatskolu","status":"publish","type":"page","link":"https:\/\/www.kuldigastehnikums.lv\/index.php\/jaunumi\/jaunumi-arhivs\/pieredzes-apmainas-brauciens-uz-liepajas-katolu-pamatskolu\/","title":{"rendered":"Pieredzes apmai\u0146as brauciens uz Liep\u0101jas Kato\u013cu pamatskolu"},"content":{"rendered":"<div id=\"eml-cke__body\" title=\"\"><span style=\"font-size: 12pt;\">28.novembr\u012b Kuld\u012bgas Tehnolo\u0123iju un t\u016brisma tehnikuma Studentu padomes p\u0101rst\u0101vji, br\u012bvpr\u0101t\u012bg\u0101 jaunatnes darbiniece Lukr\u0113cija, skolot\u0101jas L\u0101se Juska un Gunita Urb\u0101ne\u00a0dev\u0101s pieredzes apmai\u0146as braucien\u0101 uz Liep\u0101jas Kato\u013cu pamatskolu, Draudz\u012bg\u0101 aicin\u0101juma Liep\u0101jas pils\u0113tas 5.vidusskolu, Liep\u0101jas m\u016bzikas, m\u0101kslas un dizaina vidusskolu par demokr\u0101tiskiem procesiem un Eiropas Br\u012bvpr\u0101t\u012bg\u0101 darba izmanto\u0161anu sadarb\u012bb\u0101 ar Studentu padomi.<\/span><\/div>\n<div title=\"\">\u00a0<\/div>\n<div title=\"\">\n<div id='gallery-1' class='gallery galleryid-6202 gallery-columns-4 gallery-size-thumbnail'><figure class='gallery-item'>\n\t\t\t<div class='gallery-icon landscape'>\n\t\t\t\t<a href='https:\/\/www.kuldigastehnikums.lv\/index.php\/tiksanas-dzejnieka-v-pludona-muzeja\/zanda5\/'><img decoding=\"async\" width=\"150\" height=\"150\" src=\"https:\/\/www.kuldigastehnikums.lv\/wp-content\/uploads\/2023\/11\/zanda5-150x150.jpg\" class=\"attachment-thumbnail size-thumbnail\" alt=\"\" \/><\/a>\n\t\t\t<\/div><\/figure><figure class='gallery-item'>\n\t\t\t<div class='gallery-icon portrait'>\n\t\t\t\t<a href='https:\/\/www.kuldigastehnikums.lv\/index.php\/tiksanas-dzejnieka-v-pludona-muzeja\/zanda4-2\/'><img decoding=\"async\" width=\"150\" height=\"150\" src=\"https:\/\/www.kuldigastehnikums.lv\/wp-content\/uploads\/2023\/11\/zanda4-150x150.jpg\" class=\"attachment-thumbnail size-thumbnail\" alt=\"\" \/><\/a>\n\t\t\t<\/div><\/figure><figure class='gallery-item'>\n\t\t\t<div class='gallery-icon portrait'>\n\t\t\t\t<a href='https:\/\/www.kuldigastehnikums.lv\/index.php\/tiksanas-dzejnieka-v-pludona-muzeja\/zanda3-2\/'><img decoding=\"async\" width=\"150\" height=\"150\" src=\"https:\/\/www.kuldigastehnikums.lv\/wp-content\/uploads\/2023\/11\/zanda3-150x150.jpg\" class=\"attachment-thumbnail size-thumbnail\" alt=\"\" \/><\/a>\n\t\t\t<\/div><\/figure><figure class='gallery-item'>\n\t\t\t<div class='gallery-icon landscape'>\n\t\t\t\t<a href='https:\/\/www.kuldigastehnikums.lv\/index.php\/tiksanas-dzejnieka-v-pludona-muzeja\/zanda2-2\/'><img loading=\"lazy\" decoding=\"async\" width=\"150\" height=\"150\" src=\"https:\/\/www.kuldigastehnikums.lv\/wp-content\/uploads\/2023\/11\/zanda2-150x150.jpg\" class=\"attachment-thumbnail size-thumbnail\" alt=\"\" \/><\/a>\n\t\t\t<\/div><\/figure>\n\t\t<\/div>\n\n<p>\u00a0\u00a0<\/p><\/div>\n","protected":false},"excerpt":{"rendered":"<p>28.novembr\u012b Kuld\u012bgas Tehnolo\u0123iju un t\u016brisma tehnikuma Studentu padomes p\u0101rst\u0101vji, br\u012bvpr\u0101t\u012bg\u0101 jaunatnes darbiniece Lukr\u0113cija, skolot\u0101jas L\u0101se Juska un Gunita Urb\u0101ne\u00a0dev\u0101s pieredzes apmai\u0146as braucien\u0101 uz Liep\u0101jas Kato\u013cu pamatskolu, Draudz\u012bg\u0101 aicin\u0101juma Liep\u0101jas pils\u0113tas 5.vidusskolu, Liep\u0101jas m\u016bzikas, m\u0101kslas un dizaina vidusskolu par demokr\u0101tiskiem procesiem un Eiropas Br\u012bvpr\u0101t\u012bg\u0101 darba izmanto\u0161anu sadarb\u012bb\u0101 ar Studentu padomi. \u00a0 \u00a0\u00a0 [&#8230;]<\/p>\n<p><a class=\"btn btn-secondary understrap-read-more-link\" href=\"https:\/\/www.kuldigastehnikums.lv\/index.php\/jaunumi\/jaunumi-arhivs\/pieredzes-apmainas-brauciens-uz-liepajas-katolu-pamatskolu\/\">Vair\u0101k&#8230;<\/a><\/p>\n","protected":false},"author":2,"featured_media":0,"parent":5791,"menu_order":0,"comment_status":"open","ping_status":"open","template":"","meta":{"footnotes":""},"class_list":["post-6202","page","type-page","status-publish","hentry"],"_links":{"self":[{"href":"https:\/\/www.kuldigastehnikums.lv\/index.php\/wp-json\/wp\/v2\/pages\/6202","targetHints":{"allow":["GET"]}}],"collection":[{"href":"https:\/\/www.kuldigastehnikums.lv\/index.php\/wp-json\/wp\/v2\/pages"}],"about":[{"href":"https:\/\/www.kuldigastehnikums.lv\/index.php\/wp-json\/wp\/v2\/types\/page"}],"author":[{"embeddable":true,"href":"https:\/\/www.kuldigastehnikums.lv\/index.php\/wp-json\/wp\/v2\/users\/2"}],"replies":[{"embeddable":true,"href":"https:\/\/www.kuldigastehnikums.lv\/index.php\/wp-json\/wp\/v2\/comments?post=6202"}],"version-history":[{"count":0,"href":"https:\/\/www.kuldigastehnikums.lv\/index.php\/wp-json\/wp\/v2\/pages\/6202\/revisions"}],"up":[{"embeddable":true,"href":"https:\/\/www.kuldigastehnikums.lv\/index.php\/wp-json\/wp\/v2\/pages\/5791"}],"wp:attachment":[{"href":"https:\/\/www.kuldigastehnikums.lv\/index.php\/wp-json\/wp\/v2\/media?parent=6202"}],"curies":[{"name":"wp","href":"https:\/\/api.w.org\/{rel}","templated":true}]}}